Last updated on 2025-01-18 19:49:18 CET.
Flavor | Version | Tinstall | Tcheck | Ttotal | Status | Flags |
---|---|---|---|---|---|---|
r-devel-linux-x86_64-debian-clang | 2.32.6 | 186.44 | 171.19 | 357.63 | OK | |
r-devel-linux-x86_64-debian-gcc | 2.32.6 | 157.14 | 139.26 | 296.40 | OK | |
r-devel-linux-x86_64-fedora-clang | 2.32.6 | 451.46 | OK | |||
r-devel-linux-x86_64-fedora-gcc | 2.32.6 | 1041.21 | OK | |||
r-devel-windows-x86_64 | 2.32.6 | 205.00 | 206.00 | 411.00 | OK | |
r-patched-linux-x86_64 | 2.32.6 | 220.55 | 183.20 | 403.75 | NOTE | |
r-release-linux-x86_64 | 2.32.6 | 212.33 | 183.54 | 395.87 | NOTE | |
r-release-macos-arm64 | 2.32.6 | 293.00 | NOTE | |||
r-release-macos-x86_64 | 2.32.6 | 432.00 | NOTE | |||
r-release-windows-x86_64 | 2.32.6 | 204.00 | 200.00 | 404.00 | NOTE | |
r-oldrel-macos-arm64 | 2.32.6 | 289.00 | NOTE | |||
r-oldrel-macos-x86_64 | 2.32.6 | 632.00 | NOTE | |||
r-oldrel-windows-x86_64 | 2.32.6 | 229.00 | 244.00 | 473.00 | NOTE |
Version: 2.32.6
Check: for GNU extensions in Makefiles
Result: NOTE
GNU make is a SystemRequirements.
Flavors: r-patched-linux-x86_64, r-release-linux-x86_64, r-release-macos-arm64, r-release-macos-x86_64, r-release-windows-x86_64, r-oldrel-macos-arm64, r-oldrel-macos-x86_64, r-oldrel-windows-x86_64
Version: 2.32.6
Check: installed package size
Result: NOTE
installed size is 49.1Mb
sub-directories of 1Mb or more:
exec 1.7Mb
lib 34.2Mb
libs 11.4Mb
Flavors: r-release-macos-arm64, r-release-macos-x86_64, r-release-windows-x86_64, r-oldrel-macos-arm64, r-oldrel-macos-x86_64, r-oldrel-windows-x86_64