Last updated on 2019-02-15 19:49:11 CET.
Flavor | Version | Tinstall | Tcheck | Ttotal | Status | Flags |
---|---|---|---|---|---|---|
r-devel-linux-x86_64-debian-clang | 1.3.5 | 4.17 | 30.70 | 34.87 | OK | |
r-devel-linux-x86_64-debian-gcc | 1.3.5 | 3.36 | 24.59 | 27.95 | WARN | |
r-devel-linux-x86_64-fedora-clang | 1.3.5 | 43.27 | OK | |||
r-devel-linux-x86_64-fedora-gcc | 1.3.5 | 42.40 | WARN | |||
r-devel-windows-ix86+x86_64 | 1.3.5 | 12.00 | 75.00 | 87.00 | OK | |
r-patched-linux-x86_64 | 1.3.5 | 3.37 | 28.64 | 32.01 | WARN | |
r-patched-solaris-x86 | 1.3.5 | 61.20 | OK | |||
r-release-linux-x86_64 | 1.3.5 | 3.60 | 28.99 | 32.59 | WARN | |
r-release-windows-ix86+x86_64 | 1.3.5 | 11.00 | 57.00 | 68.00 | OK | |
r-release-osx-x86_64 | 1.3.5 | OK | ||||
r-oldrel-windows-ix86+x86_64 | 1.3.5 | 11.00 | 60.00 | 71.00 | OK | |
r-oldrel-osx-x86_64 | 1.3.5 | OK |
Version: 1.3.5
Check: whether package can be installed
Result: WARN
Found the following significant warnings:
RngStreams.c:332:4: warning: ‘strncpy’ specified bound depends on the length of the source argument [-Wstringop-overflow=]
Flavors: r-devel-linux-x86_64-debian-gcc, r-devel-linux-x86_64-fedora-gcc, r-patched-linux-x86_64, r-release-linux-x86_64