CRAN Package Check Results for Package rstream

Last updated on 2018-11-17 20:48:10 CET.

Flavor Version Tinstall Tcheck Ttotal Status Flags
r-devel-linux-x86_64-debian-clang 1.3.5 3.78 30.37 34.15 OK
r-devel-linux-x86_64-debian-gcc 1.3.5 3.23 24.66 27.89 WARN
r-devel-linux-x86_64-fedora-clang 1.3.5 42.03 OK
r-devel-linux-x86_64-fedora-gcc 1.3.5 40.97 WARN
r-devel-windows-ix86+x86_64 1.3.5 12.00 70.00 82.00 OK
r-patched-linux-x86_64 1.3.5 4.19 29.00 33.19 WARN
r-patched-solaris-x86 1.3.5 62.40 OK
r-release-linux-x86_64 1.3.5 3.76 29.22 32.98 WARN
r-release-windows-ix86+x86_64 1.3.5 18.00 52.00 70.00 OK
r-release-osx-x86_64 1.3.5 OK
r-oldrel-windows-ix86+x86_64 1.3.5 11.00 60.00 71.00 OK
r-oldrel-osx-x86_64 1.3.5 OK

Check Details

Version: 1.3.5
Check: whether package can be installed
Result: WARN
    Found the following significant warnings:
     RngStreams.c:332:4: warning: ‘strncpy’ specified bound depends on the length of the source argument [-Wstringop-overflow=]
Flavors: r-devel-linux-x86_64-debian-gcc, r-devel-linux-x86_64-fedora-gcc, r-patched-linux-x86_64, r-release-linux-x86_64