CRAN Package Check Results for Package rtext

Last updated on 2022-01-18 19:51:22 CET.

Flavor Version Tinstall Tcheck Ttotal Status Flags
r-devel-linux-x86_64-debian-clang 0.1.22 24.68 78.35 103.03 OK
r-devel-linux-x86_64-debian-gcc 0.1.22 17.47 62.24 79.71 OK
r-devel-linux-x86_64-fedora-clang 0.1.22 131.57 NOTE
r-devel-linux-x86_64-fedora-gcc 0.1.22 116.12 NOTE
r-devel-windows-x86_64-new-UL 0.1.22 67.00 119.00 186.00 OK
r-devel-windows-x86_64-new-TK 0.1.22 NOTE
r-patched-linux-x86_64 0.1.22 27.20 76.53 103.73 OK
r-release-linux-x86_64 0.1.22 OK
r-release-macos-arm64 0.1.22 NOTE
r-release-macos-x86_64 0.1.22 NOTE
r-release-windows-ix86+x86_64 0.1.22 53.00 165.00 218.00 OK
r-oldrel-macos-x86_64 0.1.22 NOTE
r-oldrel-windows-ix86+x86_64 0.1.22 53.00 163.00 216.00 OK

Check Details

Version: 0.1.22
Check: dependencies in R code
Result: NOTE
    Namespaces in Imports field not imported from:
     ‘RSQLite’ ‘stats’
     All declared Imports should be used.
Flavors: r-devel-linux-x86_64-fedora-clang, r-devel-linux-x86_64-fedora-gcc, r-devel-windows-x86_64-new-TK, r-release-macos-arm64, r-release-macos-x86_64, r-oldrel-macos-x86_64

Version: 0.1.22
Check: data for non-ASCII characters
Result: NOTE
     Note: found 2 marked UTF-8 strings
Flavors: r-devel-linux-x86_64-fedora-clang, r-devel-linux-x86_64-fedora-gcc, r-devel-windows-x86_64-new-TK, r-release-macos-arm64, r-release-macos-x86_64, r-oldrel-macos-x86_64