Last updated on 2021-01-22 19:47:29 CET.
Flavor | Version | Tinstall | Tcheck | Ttotal | Status | Flags |
---|---|---|---|---|---|---|
r-devel-linux-x86_64-debian-clang | 5.0.0 | 7.64 | 204.99 | 212.63 | OK | |
r-devel-linux-x86_64-debian-gcc | 5.0.0 | 6.34 | 151.39 | 157.73 | OK | |
r-devel-linux-x86_64-fedora-clang | 5.0.0 | 243.25 | NOTE | |||
r-devel-linux-x86_64-fedora-gcc | 5.0.0 | 256.66 | NOTE | |||
r-devel-windows-ix86+x86_64 | 5.0.0 | 19.00 | 177.00 | 196.00 | OK | |
r-patched-linux-x86_64 | 5.0.0 | 7.92 | 193.24 | 201.16 | OK | |
r-patched-solaris-x86 | 5.0.0 | 323.40 | NOTE | |||
r-release-linux-x86_64 | 5.0.0 | 7.13 | 193.82 | 200.95 | OK | |
r-release-macos-x86_64 | 5.0.0 | NOTE | ||||
r-release-windows-ix86+x86_64 | 5.0.0 | 22.00 | 243.00 | 265.00 | OK | |
r-oldrel-macos-x86_64 | 5.0.0 | NOTE | ||||
r-oldrel-windows-ix86+x86_64 | 5.0.0 | 11.00 | 184.00 | 195.00 | OK |
Version: 5.0.0
Check: dependencies in R code
Result: NOTE
Namespaces in Imports field not imported from:
‘DescTools’ ‘MASS’ ‘gridExtra’
All declared Imports should be used.
Flavors: r-devel-linux-x86_64-fedora-clang, r-devel-linux-x86_64-fedora-gcc, r-patched-solaris-x86, r-release-macos-x86_64, r-oldrel-macos-x86_64