CRAN Package Check Results for Package rtimicropem

Last updated on 2021-02-28 19:48:11 CET.

Flavor Version Tinstall Tcheck Ttotal Status Flags
r-devel-linux-x86_64-debian-clang 1.4.0 OK
r-devel-linux-x86_64-debian-gcc 1.4.0 5.55 60.58 66.13 OK
r-devel-linux-x86_64-fedora-clang 1.4.0 109.67 NOTE
r-devel-linux-x86_64-fedora-gcc 1.4.0 98.81 NOTE
r-devel-windows-ix86+x86_64 1.4.0 12.00 78.00 90.00 OK
r-patched-linux-x86_64 1.4.0 7.25 76.39 83.64 OK
r-patched-solaris-x86 1.4.0 141.20 NOTE
r-release-linux-x86_64 1.4.0 6.42 75.45 81.87 OK
r-release-macos-x86_64 1.4.0 NOTE
r-release-windows-ix86+x86_64 1.4.0 17.00 104.00 121.00 OK
r-oldrel-macos-x86_64 1.4.0 NOTE
r-oldrel-windows-ix86+x86_64 1.4.0 8.00 97.00 105.00 OK

Check Details

Version: 1.4.0
Check: dependencies in R code
Result: NOTE
    Namespace in Imports field not imported from: ‘R6’
     All declared Imports should be used.
Flavors: r-devel-linux-x86_64-fedora-clang, r-devel-linux-x86_64-fedora-gcc, r-patched-solaris-x86, r-release-macos-x86_64, r-oldrel-macos-x86_64