CRAN Package Check Results for Package rtodoist

Last updated on 2022-05-22 21:54:00 CEST.

Flavor Version Tinstall Tcheck Ttotal Status Flags
r-devel-linux-x86_64-debian-clang 0.1.0 5.75 61.71 67.46 NOTE
r-devel-linux-x86_64-debian-gcc 0.1.0 4.54 46.45 50.99 NOTE
r-devel-linux-x86_64-fedora-clang 0.1.0 81.45 NOTE
r-devel-linux-x86_64-fedora-gcc 0.1.0 67.28 NOTE
r-devel-windows-x86_64 0.1.0 24.00 79.00 103.00 NOTE
r-patched-linux-x86_64 0.1.0 4.42 58.71 63.13 NOTE
r-release-linux-x86_64 0.1.0 3.71 57.38 61.09 NOTE
r-release-macos-arm64 0.1.0 24.00 NOTE
r-release-macos-x86_64 0.1.0 47.00 NOTE
r-release-windows-x86_64 0.1.0 25.00 80.00 105.00 NOTE
r-oldrel-macos-arm64 0.1.0 30.00 NOTE
r-oldrel-macos-x86_64 0.1.0 35.00 NOTE
r-oldrel-windows-ix86+x86_64 0.1.0 16.00 71.00 87.00 NOTE

Check Details

Version: 0.1.0
Check: LazyData
Result: NOTE
     'LazyData' is specified without a 'data' directory
Flavors: r-devel-linux-x86_64-debian-clang, r-devel-linux-x86_64-debian-gcc, r-devel-linux-x86_64-fedora-clang, r-devel-linux-x86_64-fedora-gcc, r-devel-windows-x86_64, r-patched-linux-x86_64, r-release-linux-x86_64, r-release-macos-arm64, r-release-macos-x86_64, r-release-windows-x86_64, r-oldrel-macos-arm64, r-oldrel-macos-x86_64, r-oldrel-windows-ix86+x86_64