CRAN Package Check Results for Package rtrek

Last updated on 2021-12-08 19:51:48 CET.

Flavor Version Tinstall Tcheck Ttotal Status Flags
r-devel-linux-x86_64-debian-clang 0.3.3 6.07 58.95 65.02 OK
r-devel-linux-x86_64-debian-gcc 0.3.3 4.82 46.66 51.48 OK
r-devel-linux-x86_64-fedora-clang 0.3.3 77.93 NOTE
r-devel-linux-x86_64-fedora-gcc 0.3.3 67.31 NOTE
r-devel-windows-x86_64-new-UL 0.3.3 18.00 101.00 119.00 OK
r-devel-windows-x86_64-new-TK 0.3.3 NOTE
r-devel-windows-x86_64-old 0.3.3 10.00 68.00 78.00 OK
r-patched-linux-x86_64 0.3.3 3.71 47.78 51.49 OK
r-release-linux-x86_64 0.3.3 5.68 47.72 53.40 OK
r-release-macos-arm64 0.3.3 NOTE
r-release-macos-x86_64 0.3.3 NOTE
r-release-windows-ix86+x86_64 0.3.3 9.00 56.00 65.00 OK
r-oldrel-macos-x86_64 0.3.3 NOTE
r-oldrel-windows-ix86+x86_64 0.3.3 13.00 61.00 74.00 OK

Check Details

Version: 0.3.3
Check: dependencies in R code
Result: NOTE
    Namespaces in Imports field not imported from:
     ‘memoise’ ‘tidyr’
     All declared Imports should be used.
Flavors: r-devel-linux-x86_64-fedora-clang, r-devel-linux-x86_64-fedora-gcc, r-devel-windows-x86_64-new-TK, r-release-macos-arm64, r-release-macos-x86_64, r-oldrel-macos-x86_64

Version: 0.3.3
Check: data for non-ASCII characters
Result: NOTE
     Note: found 37 marked UTF-8 strings
Flavors: r-devel-linux-x86_64-fedora-clang, r-devel-linux-x86_64-fedora-gcc, r-devel-windows-x86_64-new-TK, r-release-macos-arm64, r-release-macos-x86_64, r-oldrel-macos-x86_64

Version: 0.3.3
Check: package dependencies
Result: NOTE
    Packages suggested but not available for checking: 'showtext', 'sysfonts'
Flavor: r-release-macos-arm64