CRAN Package Check Results for Package rtrends

Last updated on 2022-06-27 21:51:29 CEST.

Flavor Version Tinstall Tcheck Ttotal Status Flags
r-devel-linux-x86_64-debian-clang 0.1.0 1.62 22.31 23.93 OK
r-devel-linux-x86_64-debian-gcc 0.1.0 1.69 17.93 19.62 OK
r-devel-linux-x86_64-fedora-clang 0.1.0 40.88 NOTE
r-devel-linux-x86_64-fedora-gcc 0.1.0 40.48 NOTE
r-devel-windows-x86_64 0.1.0 10.00 46.00 56.00 OK
r-patched-linux-x86_64 0.1.0 2.22 22.63 24.85 OK
r-release-linux-x86_64 0.1.0 1.42 22.30 23.72 OK
r-release-macos-arm64 0.1.0 15.00 NOTE
r-release-macos-x86_64 0.1.0 26.00 NOTE
r-release-windows-x86_64 0.1.0 13.00 48.00 61.00 OK
r-oldrel-macos-arm64 0.1.0 19.00 NOTE
r-oldrel-macos-x86_64 0.1.0 26.00 NOTE
r-oldrel-windows-ix86+x86_64 0.1.0 6.00 41.00 47.00 OK

Check Details

Version: 0.1.0
Check: dependencies in R code
Result: NOTE
    Namespace in Imports field not imported from: ‘dplyr’
     All declared Imports should be used.
Flavors: r-devel-linux-x86_64-fedora-clang, r-devel-linux-x86_64-fedora-gcc, r-release-macos-arm64, r-release-macos-x86_64, r-oldrel-macos-arm64, r-oldrel-macos-x86_64