CRAN Package Check Results for Package rtweet

Last updated on 2025-01-25 19:48:58 CET.

Flavor Version Tinstall Tcheck Ttotal Status Flags
r-devel-linux-x86_64-debian-clang 2.0.0 10.98 72.14 83.12 NOTE
r-devel-linux-x86_64-debian-gcc 2.0.0 7.75 52.03 59.78 NOTE
r-devel-linux-x86_64-fedora-clang 2.0.0 141.03 OK
r-devel-linux-x86_64-fedora-gcc 2.0.0 149.14 NOTE
r-devel-windows-x86_64 2.0.0 12.00 106.00 118.00 OK
r-patched-linux-x86_64 2.0.0 12.51 68.42 80.93 OK
r-release-linux-x86_64 2.0.0 12.12 67.26 79.38 OK
r-release-macos-arm64 2.0.0 39.00 OK
r-release-macos-x86_64 2.0.0 66.00 OK
r-release-windows-x86_64 2.0.0 14.00 103.00 117.00 OK
r-oldrel-macos-arm64 2.0.0 50.00 OK
r-oldrel-macos-x86_64 2.0.0 103.00 OK
r-oldrel-windows-x86_64 2.0.0 14.00 118.00 132.00 OK

Check Details

Version: 2.0.0
Check: DESCRIPTION meta-information
Result: NOTE Missing dependency on R >= 4.1.0 because package code uses the pipe |> or function shorthand \(...) syntax added in R 4.1.0. File(s) using such syntax: ‘auth.R’ Flavors: r-devel-linux-x86_64-debian-clang, r-devel-linux-x86_64-debian-gcc, r-devel-linux-x86_64-fedora-gcc