CRAN Package Check Results for Package rust

Last updated on 2021-11-26 20:49:47 CET.

Flavor Version Tinstall Tcheck Ttotal Status Flags
r-devel-linux-x86_64-debian-clang 1.3.13 47.45 249.00 296.45 OK
r-devel-linux-x86_64-debian-gcc 1.3.13 38.42 170.66 209.08 OK
r-devel-linux-x86_64-fedora-clang 1.3.13 375.25 OK
r-devel-linux-x86_64-fedora-gcc 1.3.13 360.35 OK
r-devel-windows-x86_64-new-UL 1.3.13 74.00 317.00 391.00 OK
r-devel-windows-x86_64-new-TK 1.3.13 OK
r-devel-windows-x86_64-old 1.3.13 52.00 325.00 377.00 OK
r-patched-linux-x86_64 1.3.13 55.09 240.52 295.61 OK
r-patched-solaris-x86 1.3.13 153.40 OK
r-release-linux-x86_64 1.3.13 OK
r-release-macos-arm64 1.3.13 NOTE
r-release-macos-x86_64 1.3.13 OK
r-release-windows-ix86+x86_64 1.3.13 128.00 248.00 376.00 OK
r-oldrel-macos-x86_64 1.3.13 OK
r-oldrel-windows-ix86+x86_64 1.3.13 93.00 253.00 346.00 OK

Check Details

Version: 1.3.13
Check: installed package size
Result: NOTE
     installed size is 5.7Mb
     sub-directories of 1Mb or more:
     libs 5.0Mb
Flavor: r-release-macos-arm64