Last updated on 2023-12-08 19:51:51 CET.
Flavor | Version | Tinstall | Tcheck | Ttotal | Status | Flags |
---|---|---|---|---|---|---|
r-devel-linux-x86_64-debian-clang | 2.0.11 | 554.81 | 34.22 | 589.03 | OK | |
r-devel-linux-x86_64-debian-gcc | 2.0.11 | 472.92 | 25.91 | 498.83 | OK | |
r-devel-linux-x86_64-fedora-clang | 2.0.11 | 889.13 | OK | |||
r-devel-linux-x86_64-fedora-gcc | 2.0.11 | 1096.44 | OK | |||
r-devel-windows-x86_64 | 2.0.11 | 566.00 | 99.00 | 665.00 | OK | |
r-patched-linux-x86_64 | 2.0.11 | 559.91 | 33.22 | 593.13 | OK | |
r-release-linux-x86_64 | 2.0.11 | 569.32 | 32.52 | 601.84 | OK | |
r-release-macos-arm64 | 2.0.11 | 194.00 | NOTE | |||
r-release-macos-x86_64 | 2.0.11 | 328.00 | NOTE | |||
r-release-windows-x86_64 | 2.0.11 | 710.00 | 113.00 | 823.00 | OK | |
r-oldrel-macos-arm64 | 2.0.11 | 171.00 | NOTE | |||
r-oldrel-macos-x86_64 | 2.0.11 | 219.00 | NOTE | |||
r-oldrel-windows-x86_64 | 2.0.11 | 688.00 | 99.00 | 787.00 | OK |
Version: 2.0.11
Check: installed package size
Result: NOTE
installed size is 16.8Mb
sub-directories of 1Mb or more:
libs 16.6Mb
Flavors: r-release-macos-arm64, r-release-macos-x86_64, r-oldrel-macos-arm64, r-oldrel-macos-x86_64