Last updated on 2023-01-30 19:54:59 CET.
Flavor | Version | Tinstall | Tcheck | Ttotal | Status | Flags |
---|---|---|---|---|---|---|
r-devel-linux-x86_64-debian-clang | 2.0.9 | 511.76 | 34.17 | 545.93 | OK | |
r-devel-linux-x86_64-debian-gcc | 2.0.9 | 533.14 | 107.58 | 640.72 | NOTE | |
r-devel-linux-x86_64-fedora-clang | 2.0.9 | 813.18 | NOTE | |||
r-devel-linux-x86_64-fedora-gcc | 2.0.9 | 1043.18 | NOTE | |||
r-devel-windows-x86_64 | 2.0.9 | 953.00 | 125.00 | 1078.00 | NOTE | |
r-patched-linux-x86_64 | 2.0.9 | 574.59 | 110.51 | 685.10 | OK | |
r-release-linux-x86_64 | 2.0.9 | 586.87 | 112.29 | 699.16 | OK | |
r-release-macos-arm64 | 2.0.9 | 178.00 | NOTE | |||
r-release-macos-x86_64 | 2.0.9 | 221.00 | NOTE | |||
r-release-windows-x86_64 | 2.0.9 | 411.00 | 117.00 | 528.00 | OK | |
r-oldrel-macos-arm64 | 2.0.9 | 169.00 | NOTE | |||
r-oldrel-macos-x86_64 | 2.0.9 | 224.00 | NOTE | |||
r-oldrel-windows-ix86+x86_64 | 2.0.9 | 1525.00 | 146.00 | 1671.00 | OK |
Version: 2.0.9
Check: C++ specification
Result: NOTE
Specified C++14: please update to current default of C++17
Flavors: r-devel-linux-x86_64-debian-gcc, r-devel-linux-x86_64-fedora-clang, r-devel-linux-x86_64-fedora-gcc, r-devel-windows-x86_64
Version: 2.0.9
Check: installed package size
Result: NOTE
installed size is 15.9Mb
sub-directories of 1Mb or more:
libs 15.7Mb
Flavors: r-release-macos-arm64, r-release-macos-x86_64, r-oldrel-macos-arm64, r-oldrel-macos-x86_64