CRAN Package Check Results for Package rzentra

Last updated on 2024-06-19 22:54:50 CEST.

Flavor Version Tinstall Tcheck Ttotal Status Flags
r-devel-linux-x86_64-debian-clang 0.1.0 7.09 56.63 63.72 NOTE
r-devel-linux-x86_64-debian-gcc 0.1.0 5.28 42.01 47.29 NOTE
r-devel-linux-x86_64-fedora-clang 0.1.0 82.10 NOTE
r-devel-linux-x86_64-fedora-gcc 0.1.0 74.94 NOTE
r-devel-windows-x86_64 0.1.0 7.00 62.00 69.00 NOTE
r-patched-linux-x86_64 0.1.0 6.19 53.36 59.55 NOTE
r-release-linux-x86_64 0.1.0 5.62 54.08 59.70 NOTE
r-release-macos-arm64 0.1.0 29.00 NOTE
r-release-macos-x86_64 0.1.0 40.00 NOTE
r-release-windows-x86_64 0.1.0 7.00 63.00 70.00 NOTE
r-oldrel-macos-arm64 0.1.0 30.00 NOTE
r-oldrel-macos-x86_64 0.1.0 41.00 NOTE
r-oldrel-windows-x86_64 0.1.0 8.00 81.00 89.00 NOTE

Check Details

Version: 0.1.0
Check: LazyData
Result: NOTE 'LazyData' is specified without a 'data' directory Flavors: r-devel-linux-x86_64-debian-clang, r-devel-linux-x86_64-debian-gcc, r-devel-linux-x86_64-fedora-clang, r-devel-linux-x86_64-fedora-gcc, r-devel-windows-x86_64, r-patched-linux-x86_64, r-release-linux-x86_64, r-release-macos-arm64, r-release-macos-x86_64, r-release-windows-x86_64, r-oldrel-macos-arm64, r-oldrel-macos-x86_64, r-oldrel-windows-x86_64