CRAN Package Check Results for Package s2

Last updated on 2024-03-04 19:54:24 CET.

Flavor Version Tinstall Tcheck Ttotal Status Flags
r-devel-linux-x86_64-debian-clang 1.1.6 725.58 84.31 809.89 NOTE
r-devel-linux-x86_64-debian-gcc 1.1.6 622.84 53.91 676.75 NOTE
r-devel-linux-x86_64-fedora-clang 1.1.6 1369.14 NOTE
r-devel-linux-x86_64-fedora-gcc 1.1.6 1294.40 NOTE
r-devel-windows-x86_64 1.1.6 616.00 143.00 759.00 NOTE
r-patched-linux-x86_64 1.1.6 771.22 70.56 841.78 NOTE
r-release-linux-x86_64 1.1.6 788.10 68.97 857.07 NOTE
r-release-macos-arm64 1.1.6 203.00 NOTE
r-release-macos-x86_64 1.1.6 202.00 NOTE
r-release-windows-x86_64 1.1.6 791.00 175.00 966.00 NOTE
r-oldrel-macos-arm64 1.1.6 198.00 NOTE
r-oldrel-windows-x86_64 1.1.6 671.00 154.00 825.00 NOTE

Check Details

Version: 1.1.6
Check: C++ specification
Result: NOTE Specified C++11: please drop specification unless essential Flavors: r-devel-linux-x86_64-debian-clang, r-devel-linux-x86_64-debian-gcc, r-devel-linux-x86_64-fedora-clang, r-devel-linux-x86_64-fedora-gcc, r-devel-windows-x86_64, r-patched-linux-x86_64, r-release-linux-x86_64, r-release-macos-arm64, r-release-macos-x86_64, r-release-windows-x86_64

Version: 1.1.6
Check: Rd cross-references
Result: NOTE Undeclared package ‘sf’ in Rd xrefs Flavor: r-devel-linux-x86_64-fedora-clang

Version: 1.1.6
Check: installed package size
Result: NOTE installed size is 6.5Mb sub-directories of 1Mb or more: libs 5.4Mb Flavors: r-devel-windows-x86_64, r-release-macos-arm64, r-release-macos-x86_64, r-release-windows-x86_64, r-oldrel-macos-arm64, r-oldrel-windows-x86_64