CRAN Package Check Results for Package s2net

Last updated on 2021-11-28 19:49:05 CET.

Flavor Version Tinstall Tcheck Ttotal Status Flags
r-devel-linux-x86_64-debian-clang 1.0.1 OK
r-devel-linux-x86_64-debian-gcc 1.0.1 28.55 35.94 64.49 OK
r-devel-linux-x86_64-fedora-clang 1.0.1 126.97 OK
r-devel-linux-x86_64-fedora-gcc 1.0.1 108.01 OK
r-devel-windows-x86_64-new-UL 1.0.1 54.00 112.00 166.00 OK
r-devel-windows-x86_64-new-TK 1.0.1 OK
r-devel-windows-x86_64-old 1.0.1 39.00 86.00 125.00 OK
r-patched-linux-x86_64 1.0.1 36.43 42.49 78.92 OK
r-patched-solaris-x86 1.0.1 120.20 OK
r-release-linux-x86_64 1.0.1 32.24 42.75 74.99 OK
r-release-macos-arm64 1.0.1 NOTE
r-release-macos-x86_64 1.0.1 OK
r-release-windows-ix86+x86_64 1.0.1 94.00 72.00 166.00 OK
r-oldrel-macos-x86_64 1.0.1 OK
r-oldrel-windows-ix86+x86_64 1.0.1 64.00 97.00 161.00 OK

Check Details

Version: 1.0.1
Check: installed package size
Result: NOTE
     installed size is 5.2Mb
     sub-directories of 1Mb or more:
     libs 4.8Mb
Flavor: r-release-macos-arm64