Last updated on 2023-02-04 19:58:23 CET.
Flavor | Version | Tinstall | Tcheck | Ttotal | Status | Flags |
---|---|---|---|---|---|---|
r-devel-linux-x86_64-debian-clang | 0.2.0 | 27.40 | 62.53 | 89.93 | OK | |
r-devel-linux-x86_64-debian-gcc | 0.2.0 | 15.47 | 45.81 | 61.28 | OK | |
r-devel-linux-x86_64-fedora-clang | 0.2.0 | 119.07 | NOTE | |||
r-devel-linux-x86_64-fedora-gcc | 0.2.0 | 271.28 | NOTE | |||
r-devel-windows-x86_64 | 0.2.0 | 59.00 | 115.00 | 174.00 | OK | |
r-patched-linux-x86_64 | 0.2.0 | 17.24 | 59.18 | 76.42 | OK | |
r-release-linux-x86_64 | 0.2.0 | 21.22 | 177.94 | 199.16 | OK | |
r-release-macos-arm64 | 0.2.0 | 77.00 | OK | |||
r-release-macos-x86_64 | 0.2.0 | 95.00 | OK | |||
r-release-windows-x86_64 | 0.2.0 | 60.00 | 282.00 | 342.00 | OK | |
r-oldrel-macos-arm64 | 0.2.0 | 81.00 | OK | |||
r-oldrel-macos-x86_64 | 0.2.0 | 125.00 | OK | |||
r-oldrel-windows-ix86+x86_64 | 0.2.0 | 52.00 | 131.00 | 183.00 | OK |
Version: 0.2.0
Check: compiled code
Result: NOTE
File ‘sBIC/libs/sBIC.so’:
Found no calls to: ‘R_registerRoutines’, ‘R_useDynamicSymbols’
It is good practice to register native routines and to disable symbol
search.
See ‘Writing portable packages’ in the ‘Writing R Extensions’ manual.
Flavors: r-devel-linux-x86_64-fedora-clang, r-devel-linux-x86_64-fedora-gcc