CRAN Package Check Results for Package sFFLHD

Last updated on 2024-04-19 21:56:41 CEST.

Flavor Version Tinstall Tcheck Ttotal Status Flags
r-devel-linux-x86_64-debian-clang 0.1.2 3.70 70.21 73.91 NOTE
r-devel-linux-x86_64-debian-gcc 0.1.2 NOTE
r-devel-linux-x86_64-fedora-clang 0.1.2 90.11 NOTE
r-devel-linux-x86_64-fedora-gcc 0.1.2 88.05 NOTE
r-prerel-macos-arm64 0.1.2 28.00 NOTE
r-prerel-windows-x86_64 0.1.2 6.00 68.00 74.00 NOTE
r-patched-linux-x86_64 0.1.2 5.05 63.92 68.97 NOTE
r-release-linux-x86_64 0.1.2 6.18 65.06 71.24 NOTE
r-release-macos-arm64 0.1.2 33.00 NOTE
r-release-macos-x86_64 0.1.2 45.00 NOTE
r-release-windows-x86_64 0.1.2 7.00 76.00 83.00 NOTE
r-oldrel-macos-arm64 0.1.2 27.00 NOTE
r-oldrel-windows-x86_64 0.1.2 10.00 85.00 95.00 NOTE

Check Details

Version: 0.1.2
Check: LazyData
Result: NOTE 'LazyData' is specified without a 'data' directory Flavors: r-devel-linux-x86_64-debian-clang, r-devel-linux-x86_64-debian-gcc, r-devel-linux-x86_64-fedora-clang, r-devel-linux-x86_64-fedora-gcc, r-prerel-macos-arm64, r-prerel-windows-x86_64, r-patched-linux-x86_64, r-release-linux-x86_64, r-release-macos-arm64, r-release-macos-x86_64, r-release-windows-x86_64, r-oldrel-macos-arm64, r-oldrel-windows-x86_64

Version: 0.1.2
Check: dependencies in R code
Result: NOTE Namespace in Imports field not imported from: ‘R6’ All declared Imports should be used. Flavors: r-devel-linux-x86_64-fedora-clang, r-devel-linux-x86_64-fedora-gcc, r-oldrel-macos-arm64