CRAN Package Check Results for Package saeRobust

Last updated on 2021-11-26 20:49:47 CET.

Flavor Version Tinstall Tcheck Ttotal Status Flags
r-devel-linux-x86_64-debian-clang 0.2.0 49.34 216.85 266.19 NOTE
r-devel-linux-x86_64-debian-gcc 0.2.0 35.51 163.42 198.93 NOTE
r-devel-linux-x86_64-fedora-clang 0.2.0 333.91 NOTE
r-devel-linux-x86_64-fedora-gcc 0.2.0 316.54 NOTE
r-devel-windows-x86_64-new-UL 0.2.0 74.00 286.00 360.00 NOTE
r-devel-windows-x86_64-new-TK 0.2.0 NOTE
r-devel-windows-x86_64-old 0.2.0 50.00 277.00 327.00 NOTE
r-patched-linux-x86_64 0.2.0 42.53 205.97 248.50 NOTE
r-patched-solaris-x86 0.2.0 382.20 NOTE
r-release-linux-x86_64 0.2.0 NOTE
r-release-macos-arm64 0.2.0 NOTE
r-release-macos-x86_64 0.2.0 NOTE
r-release-windows-ix86+x86_64 0.2.0 127.00 303.00 430.00 NOTE
r-oldrel-macos-x86_64 0.2.0 OK
r-oldrel-windows-ix86+x86_64 0.2.0 119.00 425.00 544.00 OK

Check Details

Version: 0.2.0
Check: LazyData
Result: NOTE
     'LazyData' is specified without a 'data' directory
Flavors: r-devel-linux-x86_64-debian-clang, r-devel-linux-x86_64-debian-gcc, r-devel-linux-x86_64-fedora-clang, r-devel-linux-x86_64-fedora-gcc, r-devel-windows-x86_64-new-UL, r-devel-windows-x86_64-new-TK, r-devel-windows-x86_64-old, r-patched-linux-x86_64, r-patched-solaris-x86, r-release-linux-x86_64, r-release-macos-arm64, r-release-macos-x86_64, r-release-windows-ix86+x86_64