CRAN Package Check Results for Package santaR

Last updated on 2023-02-06 19:54:35 CET.

Flavor Version Tinstall Tcheck Ttotal Status Flags
r-devel-linux-x86_64-debian-clang 1.2.3 7.05 223.38 230.43 OK
r-devel-linux-x86_64-debian-gcc 1.2.3 4.96 163.03 167.99 OK
r-devel-linux-x86_64-fedora-clang 1.2.3 276.59 NOTE
r-devel-linux-x86_64-fedora-gcc 1.2.3 277.21 NOTE
r-devel-windows-x86_64 1.2.3 64.00 256.00 320.00 OK
r-patched-linux-x86_64 1.2.3 6.54 208.18 214.72 OK
r-release-linux-x86_64 1.2.3 5.72 202.19 207.91 OK
r-release-macos-arm64 1.2.3 94.00 NOTE
r-release-macos-x86_64 1.2.3 108.00 NOTE
r-release-windows-x86_64 1.2.3 56.00 260.00 316.00 OK
r-oldrel-macos-arm64 1.2.3 90.00 NOTE
r-oldrel-macos-x86_64 1.2.3 114.00 NOTE
r-oldrel-windows-ix86+x86_64 1.2.3 21.00 268.00 289.00 OK

Check Details

Version: 1.2.3
Check: dependencies in R code
Result: NOTE
    Namespaces in Imports field not imported from:
     ‘DT’ ‘gridExtra’
     All declared Imports should be used.
Flavors: r-devel-linux-x86_64-fedora-clang, r-devel-linux-x86_64-fedora-gcc, r-release-macos-arm64, r-release-macos-x86_64, r-oldrel-macos-arm64, r-oldrel-macos-x86_64