CRAN Package Check Results for Package sanzo

Last updated on 2021-12-08 19:51:48 CET.

Flavor Version Tinstall Tcheck Ttotal Status Flags
r-devel-linux-x86_64-debian-clang 0.1.0 2.40 33.35 35.75 NOTE
r-devel-linux-x86_64-debian-gcc 0.1.0 1.87 27.72 29.59 NOTE
r-devel-linux-x86_64-fedora-clang 0.1.0 45.92 NOTE
r-devel-linux-x86_64-fedora-gcc 0.1.0 34.99 NOTE
r-devel-windows-x86_64-new-UL 0.1.0 8.00 64.00 72.00 NOTE
r-devel-windows-x86_64-new-TK 0.1.0 NOTE
r-devel-windows-x86_64-old 0.1.0 5.00 37.00 42.00 NOTE
r-patched-linux-x86_64 0.1.0 2.36 32.07 34.43 NOTE
r-release-linux-x86_64 0.1.0 2.64 31.34 33.98 NOTE
r-release-macos-arm64 0.1.0 NOTE
r-release-macos-x86_64 0.1.0 NOTE
r-release-windows-ix86+x86_64 0.1.0 4.00 43.00 47.00 NOTE
r-oldrel-macos-x86_64 0.1.0 OK
r-oldrel-windows-ix86+x86_64 0.1.0 8.00 44.00 52.00 OK

Check Details

Version: 0.1.0
Check: LazyData
Result: NOTE
     'LazyData' is specified without a 'data' directory
Flavors: r-devel-linux-x86_64-debian-clang, r-devel-linux-x86_64-debian-gcc, r-devel-linux-x86_64-fedora-clang, r-devel-linux-x86_64-fedora-gcc, r-devel-windows-x86_64-new-UL, r-devel-windows-x86_64-new-TK, r-devel-windows-x86_64-old, r-patched-linux-x86_64, r-release-linux-x86_64, r-release-macos-arm64, r-release-macos-x86_64, r-release-windows-ix86+x86_64