CRAN Package Check Results for Package sapevom

Last updated on 2021-11-29 19:51:44 CET.

Flavor Version Tinstall Tcheck Ttotal Status Flags
r-devel-linux-x86_64-debian-clang 0.2.0 1.87 22.00 23.87 NOTE
r-devel-linux-x86_64-debian-gcc 0.2.0 1.56 17.75 19.31 NOTE
r-devel-linux-x86_64-fedora-clang 0.2.0 41.27 NOTE
r-devel-linux-x86_64-fedora-gcc 0.2.0 30.71 NOTE
r-devel-windows-x86_64-new-UL 0.2.0 5.00 60.00 65.00 NOTE
r-devel-windows-x86_64-new-TK 0.2.0 NOTE
r-devel-windows-x86_64-old 0.2.0 4.00 33.00 37.00 NOTE
r-patched-linux-x86_64 0.2.0 1.83 21.40 23.23 NOTE
r-patched-solaris-x86 0.2.0 46.20 NOTE
r-release-linux-x86_64 0.2.0 1.79 21.07 22.86 NOTE
r-release-macos-arm64 0.2.0 NOTE
r-release-macos-x86_64 0.2.0 NOTE
r-release-windows-ix86+x86_64 0.2.0 5.00 30.00 35.00 NOTE
r-oldrel-macos-x86_64 0.2.0 OK
r-oldrel-windows-ix86+x86_64 0.2.0 4.00 37.00 41.00 OK

Check Details

Version: 0.2.0
Check: LazyData
Result: NOTE
     'LazyData' is specified without a 'data' directory
Flavors: r-devel-linux-x86_64-debian-clang, r-devel-linux-x86_64-debian-gcc, r-devel-linux-x86_64-fedora-clang, r-devel-linux-x86_64-fedora-gcc, r-devel-windows-x86_64-new-UL, r-devel-windows-x86_64-new-TK, r-devel-windows-x86_64-old, r-patched-linux-x86_64, r-patched-solaris-x86, r-release-linux-x86_64, r-release-macos-arm64, r-release-macos-x86_64, r-release-windows-ix86+x86_64