CRAN Package Check Results for Package saqgetr

Last updated on 2024-07-12 21:50:11 CEST.

Flavor Version Tinstall Tcheck Ttotal Status Flags
r-devel-linux-x86_64-debian-clang 0.2.21 5.67 44.14 49.81 NOTE
r-devel-linux-x86_64-debian-gcc 0.2.21 4.09 33.81 37.90 NOTE
r-devel-linux-x86_64-fedora-clang 0.2.21 62.43 NOTE
r-devel-linux-x86_64-fedora-gcc 0.2.21 58.77 NOTE
r-devel-windows-x86_64 0.2.21 6.00 63.00 69.00 NOTE
r-patched-linux-x86_64 0.2.21 4.38 43.45 47.83 NOTE
r-release-linux-x86_64 0.2.21 2.87 43.55 46.42 NOTE
r-release-macos-arm64 0.2.21 37.00 NOTE
r-release-macos-x86_64 0.2.21 39.00 NOTE
r-release-windows-x86_64 0.2.21 7.00 61.00 68.00 NOTE
r-oldrel-macos-arm64 0.2.21 55.00 NOTE
r-oldrel-macos-x86_64 0.2.21 38.00 NOTE
r-oldrel-windows-x86_64 0.2.21 7.00 64.00 71.00 NOTE

Check Details

Version: 0.2.21
Check: LazyData
Result: NOTE 'LazyData' is specified without a 'data' directory Flavors: r-devel-linux-x86_64-debian-clang, r-devel-linux-x86_64-debian-gcc, r-devel-linux-x86_64-fedora-clang, r-devel-linux-x86_64-fedora-gcc, r-devel-windows-x86_64, r-patched-linux-x86_64, r-release-linux-x86_64, r-release-macos-arm64, r-release-macos-x86_64, r-release-windows-x86_64, r-oldrel-macos-arm64, r-oldrel-macos-x86_64, r-oldrel-windows-x86_64