CRAN Package Check Results for Package satellite

Last updated on 2022-12-05 19:51:41 CET.

Flavor Version Tinstall Tcheck Ttotal Status Flags
r-devel-linux-x86_64-debian-clang 1.0.4 55.55 562.73 618.28 OK
r-devel-linux-x86_64-debian-gcc 1.0.4 45.25 448.64 493.89 OK
r-devel-linux-x86_64-fedora-clang 1.0.4 730.85 OK
r-devel-linux-x86_64-fedora-gcc 1.0.4 767.99 OK
r-devel-windows-x86_64 1.0.4 119.00 617.00 736.00 OK
r-patched-linux-x86_64 1.0.4 55.70 554.19 609.89 OK
r-release-linux-x86_64 1.0.4 51.78 538.18 589.96 OK
r-release-macos-arm64 1.0.4 130.00 OK
r-release-macos-x86_64 1.0.4 177.00 OK
r-release-windows-x86_64 1.0.4 165.00 619.00 784.00 OK
r-oldrel-macos-arm64 1.0.4 155.00 OK
r-oldrel-macos-x86_64 1.0.4 171.00 OK
r-oldrel-windows-ix86+x86_64 1.0.4 122.00 929.00 1051.00 NOTE

Check Details

Version: 1.0.4
Check: installed package size
Result: NOTE
     installed size is 5.6Mb
     sub-directories of 1Mb or more:
     R 1.6Mb
     extdata 1.3Mb
     libs 2.0Mb
Flavor: r-oldrel-windows-ix86+x86_64