Last updated on 2022-05-26 21:50:17 CEST.
Flavor | Version | Tinstall | Tcheck | Ttotal | Status | Flags |
---|---|---|---|---|---|---|
r-devel-linux-x86_64-debian-clang | 1.0.1 | 7.52 | 77.20 | 84.72 | NOTE | |
r-devel-linux-x86_64-debian-gcc | 1.0.1 | 8.11 | 66.45 | 74.56 | NOTE | |
r-devel-linux-x86_64-fedora-clang | 1.0.1 | 101.35 | NOTE | |||
r-devel-linux-x86_64-fedora-gcc | 1.0.1 | 88.45 | NOTE | |||
r-devel-windows-x86_64 | 1.0.1 | 73.00 | 118.00 | 191.00 | OK | |
r-patched-linux-x86_64 | 1.0.1 | 8.15 | 72.70 | 80.85 | NOTE | |
r-release-linux-x86_64 | 1.0.1 | 6.42 | 72.66 | 79.08 | NOTE | |
r-release-macos-arm64 | 1.0.1 | 34.00 | OK | |||
r-release-macos-x86_64 | 1.0.1 | 44.00 | OK | |||
r-release-windows-x86_64 | 1.0.1 | 105.00 | 120.00 | 225.00 | OK | |
r-oldrel-macos-arm64 | 1.0.1 | 39.00 | OK | |||
r-oldrel-macos-x86_64 | 1.0.1 | 60.00 | OK | |||
r-oldrel-windows-ix86+x86_64 | 1.0.1 | 36.00 | 138.00 | 174.00 | OK |
Version: 1.0.1
Check: for non-standard things in the check directory
Result: NOTE
Found the following files/directories:
'stateLung-R01.pdf' 'stateLung-R01.txt'
Flavors: r-devel-linux-x86_64-debian-clang, r-devel-linux-x86_64-debian-gcc, r-devel-linux-x86_64-fedora-clang, r-devel-linux-x86_64-fedora-gcc, r-patched-linux-x86_64, r-release-linux-x86_64