CRAN Package Check Results for Package sbfc

Last updated on 2024-02-22 19:55:44 CET.

Flavor Version Tinstall Tcheck Ttotal Status Flags
r-devel-linux-x86_64-debian-clang 1.0.3 OK
r-devel-linux-x86_64-debian-gcc 1.0.3 42.43 74.68 117.11 OK
r-devel-linux-x86_64-fedora-clang 1.0.3 193.39 OK
r-devel-linux-x86_64-fedora-gcc 1.0.3 195.58 OK
r-devel-windows-x86_64 1.0.3 41.00 114.00 155.00 OK
r-patched-linux-x86_64 1.0.3 36.00 95.54 131.54 OK
r-release-linux-x86_64 1.0.3 37.91 94.89 132.80 OK
r-release-macos-arm64 1.0.3 57.00 NOTE
r-release-macos-x86_64 1.0.3 88.00 NOTE
r-release-windows-x86_64 1.0.3 52.00 133.00 185.00 OK
r-oldrel-macos-arm64 1.0.3 48.00 OK
r-oldrel-windows-x86_64 1.0.3 51.00 125.00 176.00 OK

Check Details

Version: 1.0.3
Check: installed package size
Result: NOTE installed size is 5.3Mb sub-directories of 1Mb or more: data 2.0Mb libs 3.1Mb Flavors: r-release-macos-arm64, r-release-macos-x86_64