Last updated on 2022-05-22 21:54:01 CEST.
Flavor | Version | Tinstall | Tcheck | Ttotal | Status | Flags |
---|---|---|---|---|---|---|
r-devel-linux-x86_64-debian-clang | 1.1.5 | 9.54 | 88.53 | 98.07 | NOTE | |
r-devel-linux-x86_64-debian-gcc | 1.1.5 | 8.67 | 67.04 | 75.71 | NOTE | |
r-devel-linux-x86_64-fedora-clang | 1.1.5 | 118.79 | NOTE | |||
r-devel-linux-x86_64-fedora-gcc | 1.1.5 | 107.48 | NOTE | |||
r-devel-windows-x86_64 | 1.1.5 | 17.00 | 102.00 | 119.00 | NOTE | |
r-patched-linux-x86_64 | 1.1.5 | 10.23 | 86.10 | 96.33 | NOTE | |
r-release-linux-x86_64 | 1.1.5 | 11.10 | 86.12 | 97.22 | NOTE | |
r-release-macos-arm64 | 1.1.5 | 35.00 | NOTE | |||
r-release-macos-x86_64 | 1.1.5 | 47.00 | NOTE | |||
r-release-windows-x86_64 | 1.1.5 | 15.00 | 102.00 | 117.00 | NOTE | |
r-oldrel-macos-arm64 | 1.1.5 | 37.00 | NOTE | |||
r-oldrel-macos-x86_64 | 1.1.5 | 45.00 | NOTE | |||
r-oldrel-windows-ix86+x86_64 | 1.1.5 | 22.00 | 99.00 | 121.00 | NOTE |
Version: 1.1.5
Check: package dependencies
Result: NOTE
Packages which this enhances but not available for checking:
'gurobi', 'pogs'
Flavors: r-devel-linux-x86_64-debian-clang, r-devel-linux-x86_64-debian-gcc, r-patched-linux-x86_64, r-release-linux-x86_64
Version: 1.1.5
Check: package dependencies
Result: NOTE
Packages which this enhances but not available for checking:
'gurobi', 'Rcplex', 'pogs'
Flavors: r-devel-linux-x86_64-fedora-clang, r-devel-linux-x86_64-fedora-gcc, r-devel-windows-x86_64, r-release-macos-arm64, r-release-macos-x86_64, r-release-windows-x86_64, r-oldrel-macos-arm64, r-oldrel-macos-x86_64, r-oldrel-windows-ix86+x86_64