Last updated on 2023-12-09 19:54:24 CET.
Flavor | Version | Tinstall | Tcheck | Ttotal | Status | Flags |
---|---|---|---|---|---|---|
r-devel-linux-x86_64-debian-clang | 0.1.1 | 10.18 | 151.92 | 162.10 | NOTE | |
r-devel-linux-x86_64-debian-gcc | 0.1.1 | 8.20 | 109.51 | 117.71 | NOTE | |
r-devel-linux-x86_64-fedora-clang | 0.1.1 | 205.11 | NOTE | |||
r-devel-linux-x86_64-fedora-gcc | 0.1.1 | 200.93 | NOTE | |||
r-devel-windows-x86_64 | 0.1.1 | 11.00 | 126.00 | 137.00 | NOTE | |
r-patched-linux-x86_64 | 0.1.1 | 9.55 | 146.62 | 156.17 | NOTE | |
r-release-linux-x86_64 | 0.1.1 | 9.68 | 143.18 | 152.86 | NOTE | |
r-release-macos-arm64 | 0.1.1 | 65.00 | NOTE | |||
r-release-macos-x86_64 | 0.1.1 | 110.00 | NOTE | |||
r-release-windows-x86_64 | 0.1.1 | 14.00 | 149.00 | 163.00 | NOTE | |
r-oldrel-macos-arm64 | 0.1.1 | 52.00 | NOTE | |||
r-oldrel-macos-x86_64 | 0.1.1 | 75.00 | NOTE | |||
r-oldrel-windows-x86_64 | 0.1.1 | 13.00 | 150.00 | 163.00 | NOTE |
Version: 0.1.1
Check: LazyData
Result: NOTE
'LazyData' is specified without a 'data' directory
Flavors: r-devel-linux-x86_64-debian-clang, r-devel-linux-x86_64-debian-gcc, r-devel-linux-x86_64-fedora-clang, r-devel-linux-x86_64-fedora-gcc, r-devel-windows-x86_64, r-patched-linux-x86_64, r-release-linux-x86_64, r-release-macos-arm64, r-release-macos-x86_64, r-release-windows-x86_64, r-oldrel-macos-arm64, r-oldrel-macos-x86_64, r-oldrel-windows-x86_64