CRAN Package Check Results for Package scITD

Last updated on 2022-09-25 21:55:00 CEST.

Flavor Version Tinstall Tcheck Ttotal Status Flags
r-devel-linux-x86_64-debian-clang 1.0.2 76.86 283.90 360.76 NOTE
r-devel-linux-x86_64-debian-gcc 1.0.2 59.40 209.13 268.53 NOTE
r-devel-linux-x86_64-fedora-clang 1.0.2 468.50 NOTE
r-devel-linux-x86_64-fedora-gcc 1.0.2 442.63 NOTE
r-devel-windows-x86_64 1.0.2 79.00 330.00 409.00 OK
r-patched-linux-x86_64 1.0.2 64.78 269.61 334.39 NOTE
r-release-linux-x86_64 1.0.2 66.95 266.62 333.57 NOTE
r-release-macos-arm64 1.0.2 113.00 OK
r-release-macos-x86_64 1.0.2 192.00 OK
r-release-windows-x86_64 1.0.2 86.00 312.00 398.00 OK
r-oldrel-macos-arm64 1.0.2 81.00 OK
r-oldrel-macos-x86_64 1.0.2 137.00 OK
r-oldrel-windows-ix86+x86_64 1.0.2 168.00 410.00 578.00 OK

Check Details

Version: 1.0.2
Check: package dependencies
Result: NOTE
    Package suggested but not available for checking: 'ssvd'
Flavors: r-devel-linux-x86_64-debian-clang, r-devel-linux-x86_64-debian-gcc, r-patched-linux-x86_64, r-release-linux-x86_64

Version: 1.0.2
Check: package dependencies
Result: NOTE
    Packages suggested but not available for checking:
     'ssvd', 'conos', 'pagoda2'
Flavors: r-devel-linux-x86_64-fedora-clang, r-devel-linux-x86_64-fedora-gcc