CRAN Package Check Results for Package scRNAstat

Last updated on 2022-01-23 19:48:42 CET.

Flavor Version Tinstall Tcheck Ttotal Status Flags
r-devel-linux-x86_64-debian-clang 0.1.1 30.62 188.74 219.36 OK
r-devel-linux-x86_64-debian-gcc 0.1.1 27.80 158.66 186.46 OK
r-devel-linux-x86_64-fedora-clang 0.1.1 261.67 OK
r-devel-linux-x86_64-fedora-gcc 0.1.1 246.68 OK
r-devel-windows-x86_64-new-UL 0.1.1 52.00 210.00 262.00 OK
r-devel-windows-x86_64-new-TK 0.1.1 OK
r-patched-linux-x86_64 0.1.1 23.24 178.78 202.02 OK
r-release-linux-x86_64 0.1.1 20.74 178.24 198.98 OK
r-release-macos-arm64 0.1.1 OK
r-release-macos-x86_64 0.1.1 OK
r-release-windows-ix86+x86_64 0.1.1 61.00 209.00 270.00 OK
r-oldrel-macos-x86_64 0.1.1 OK
r-oldrel-windows-ix86+x86_64 0.1.1 20.00 8.00 28.00 ERROR

Check Details

Version: 0.1.1
Check: whether package can be installed
Result: ERROR
    Installation failed.
Flavor: r-oldrel-windows-ix86+x86_64