CRAN Package Check Results for Package scRNAtools

Last updated on 2024-02-22 19:55:44 CET.

Flavor Version Tinstall Tcheck Ttotal Status Flags
r-devel-linux-x86_64-debian-clang 1.0 NOTE
r-devel-linux-x86_64-debian-gcc 1.0 16.81 129.84 146.65 NOTE
r-devel-linux-x86_64-fedora-clang 1.0 248.02 NOTE
r-devel-linux-x86_64-fedora-gcc 1.0 235.76 NOTE
r-devel-windows-x86_64 1.0 19.00 140.00 159.00 OK
r-patched-linux-x86_64 1.0 19.88 174.67 194.55 NOTE
r-release-linux-x86_64 1.0 18.64 169.44 188.08 NOTE
r-release-macos-arm64 1.0 76.00 OK
r-release-macos-x86_64 1.0 114.00 OK
r-release-windows-x86_64 1.0 25.00 175.00 200.00 OK
r-oldrel-macos-arm64 1.0 69.00 OK
r-oldrel-windows-x86_64 1.0 25.00 182.00 207.00 OK

Check Details

Version: 1.0
Check: for non-standard things in the check directory
Result: NOTE Found the following files/directories: ‘untitled_consensus_cluster’ Flavors: r-devel-linux-x86_64-debian-clang, r-devel-linux-x86_64-debian-gcc, r-devel-linux-x86_64-fedora-clang, r-devel-linux-x86_64-fedora-gcc, r-patched-linux-x86_64, r-release-linux-x86_64