CRAN Package Check Results for Package scaffolder

Last updated on 2021-12-06 19:50:52 CET.

Flavor Version Tinstall Tcheck Ttotal Status Flags
r-devel-linux-x86_64-debian-clang 0.0.1 8.21 72.97 81.18 NOTE
r-devel-linux-x86_64-debian-gcc 0.0.1 6.83 57.68 64.51 NOTE
r-devel-linux-x86_64-fedora-clang 0.0.1 99.18 NOTE
r-devel-linux-x86_64-fedora-gcc 0.0.1 88.42 NOTE
r-devel-windows-x86_64-new-UL 0.0.1 14.00 107.00 121.00 NOTE
r-devel-windows-x86_64-new-TK 0.0.1 NOTE
r-devel-windows-x86_64-old 0.0.1 11.00 64.00 75.00 NOTE
r-patched-linux-x86_64 0.0.1 8.78 62.12 70.90 NOTE
r-release-linux-x86_64 0.0.1 6.61 70.58 77.19 NOTE
r-release-macos-arm64 0.0.1 NOTE
r-release-macos-x86_64 0.0.1 NOTE
r-release-windows-ix86+x86_64 0.0.1 18.00 86.00 104.00 NOTE
r-oldrel-macos-x86_64 0.0.1 OK
r-oldrel-windows-ix86+x86_64 0.0.1 17.00 85.00 102.00 OK

Additional issues

donttest

Check Details

Version: 0.0.1
Check: LazyData
Result: NOTE
     'LazyData' is specified without a 'data' directory
Flavors: r-devel-linux-x86_64-debian-clang, r-devel-linux-x86_64-debian-gcc, r-devel-linux-x86_64-fedora-clang, r-devel-linux-x86_64-fedora-gcc, r-devel-windows-x86_64-new-UL, r-devel-windows-x86_64-new-TK, r-devel-windows-x86_64-old, r-patched-linux-x86_64, r-release-linux-x86_64, r-release-macos-arm64, r-release-macos-x86_64, r-release-windows-ix86+x86_64