CRAN Package Check Results for Package scales

Last updated on 2021-07-27 21:50:08 CEST.

Flavor Version Tinstall Tcheck Ttotal Status Flags
r-devel-linux-x86_64-debian-clang 1.1.1 8.64 62.53 71.17 OK
r-devel-linux-x86_64-debian-gcc 1.1.1 6.29 48.09 54.38 OK
r-devel-linux-x86_64-fedora-clang 1.1.1 91.03 NOTE
r-devel-linux-x86_64-fedora-gcc 1.1.1 80.62 OK
r-devel-windows-x86_64 1.1.1 12.00 83.00 95.00 OK
r-devel-windows-x86_64-gcc10-UCRT 1.1.1 OK
r-patched-linux-x86_64 1.1.1 9.84 58.28 68.12 OK
r-patched-solaris-x86 1.1.1 106.50 OK
r-release-linux-x86_64 1.1.1 7.29 58.25 65.54 OK
r-release-macos-arm64 1.1.1 OK
r-release-macos-x86_64 1.1.1 OK
r-release-windows-ix86+x86_64 1.1.1 15.00 61.00 76.00 OK
r-oldrel-macos-x86_64 1.1.1 OK
r-oldrel-windows-ix86+x86_64 1.1.1 12.00 84.00 96.00 OK

Check Details

Version: 1.1.1
Check: Rd cross-references
Result: NOTE
    Undeclared package ‘plyr’ in Rd xrefs
Flavor: r-devel-linux-x86_64-fedora-clang