CRAN Package Check Results for Package scbursts

Last updated on 2024-06-13 21:49:31 CEST.

Flavor Version Tinstall Tcheck Ttotal Status Flags
r-devel-linux-x86_64-debian-clang 1.6 7.17 63.91 71.08 NOTE
r-devel-linux-x86_64-debian-gcc 1.6 0.37 1.71 2.08 ERROR
r-devel-linux-x86_64-fedora-clang 1.6 91.48 NOTE
r-devel-linux-x86_64-fedora-gcc 1.6 98.03 NOTE
r-devel-windows-x86_64 1.6 6.00 112.00 118.00 NOTE
r-patched-linux-x86_64 1.6 7.67 63.11 70.78 NOTE
r-release-linux-x86_64 1.6 5.34 63.96 69.30 NOTE
r-release-macos-arm64 1.6 43.00 NOTE
r-release-macos-x86_64 1.6 59.00 NOTE
r-release-windows-x86_64 1.6 8.00 113.00 121.00 NOTE
r-oldrel-macos-arm64 1.6 39.00 NOTE
r-oldrel-macos-x86_64 1.6 52.00 NOTE
r-oldrel-windows-x86_64 1.6 9.00 109.00 118.00 NOTE

Check Details

Version: 1.6
Check: LazyData
Result: NOTE 'LazyData' is specified without a 'data' directory Flavors: r-devel-linux-x86_64-debian-clang, r-devel-linux-x86_64-fedora-clang, r-devel-linux-x86_64-fedora-gcc, r-devel-windows-x86_64, r-patched-linux-x86_64, r-release-linux-x86_64, r-release-macos-arm64, r-release-macos-x86_64, r-release-windows-x86_64, r-oldrel-macos-arm64, r-oldrel-macos-x86_64, r-oldrel-windows-x86_64

Version: 1.6
Check: package dependencies
Result: ERROR Packages required but not available: 'readxl', 'tibble' See section ‘The DESCRIPTION file’ in the ‘Writing R Extensions’ manual. Flavor: r-devel-linux-x86_64-debian-gcc