CRAN Package Check Results for Package scientoText

Last updated on 2022-05-27 21:51:33 CEST.

Flavor Version Tinstall Tcheck Ttotal Status Flags
r-devel-linux-x86_64-debian-clang 0.1 4.08 42.52 46.60 NOTE
r-devel-linux-x86_64-debian-gcc 0.1 2.97 32.15 35.12 NOTE
r-devel-linux-x86_64-fedora-clang 0.1 54.67 NOTE
r-devel-linux-x86_64-fedora-gcc 0.1 43.97 NOTE
r-devel-windows-x86_64 0.1 22.00 60.00 82.00 NOTE
r-patched-linux-x86_64 0.1 3.37 40.90 44.27 NOTE
r-release-linux-x86_64 0.1 3.12 40.50 43.62 NOTE
r-release-macos-arm64 0.1 19.00 NOTE
r-release-macos-x86_64 0.1 25.00 NOTE
r-release-windows-x86_64 0.1 19.00 61.00 80.00 NOTE
r-oldrel-macos-arm64 0.1 23.00 NOTE
r-oldrel-macos-x86_64 0.1 33.00 NOTE
r-oldrel-windows-ix86+x86_64 0.1 9.00 56.00 65.00 NOTE

Check Details

Version: 0.1
Check: LazyData
Result: NOTE
     'LazyData' is specified without a 'data' directory
Flavors: r-devel-linux-x86_64-debian-clang, r-devel-linux-x86_64-debian-gcc, r-devel-linux-x86_64-fedora-clang, r-devel-linux-x86_64-fedora-gcc, r-devel-windows-x86_64, r-patched-linux-x86_64, r-release-linux-x86_64, r-release-macos-arm64, r-release-macos-x86_64, r-release-windows-x86_64, r-oldrel-macos-arm64, r-oldrel-macos-x86_64, r-oldrel-windows-ix86+x86_64