Last updated on 2023-03-22 19:53:37 CET.
Flavor | Version | Tinstall | Tcheck | Ttotal | Status | Flags |
---|---|---|---|---|---|---|
r-devel-linux-x86_64-debian-clang | 1.0.2 | 70.48 | 296.98 | 367.46 | OK | |
r-devel-linux-x86_64-debian-gcc | 1.0.2 | 54.59 | 218.09 | 272.68 | OK | |
r-devel-linux-x86_64-fedora-clang | 1.0.2 | 487.88 | OK | |||
r-devel-linux-x86_64-fedora-gcc | 1.0.2 | 469.79 | OK | |||
r-patched-linux-x86_64 | 1.0.2 | 61.81 | 287.28 | 349.09 | OK | |
r-release-linux-x86_64 | 1.0.2 | 58.50 | 290.74 | 349.24 | OK | |
r-release-macos-arm64 | 1.0.2 | 149.00 | NOTE | |||
r-release-macos-x86_64 | 1.0.2 | 161.00 | NOTE | |||
r-release-windows-x86_64 | 1.0.2 | 168.00 | 445.00 | 613.00 | OK | |
r-oldrel-macos-arm64 | 1.0.2 | 138.00 | NOTE | |||
r-oldrel-macos-x86_64 | 1.0.2 | 159.00 | NOTE | |||
r-oldrel-windows-ix86+x86_64 | 1.0.2 | 156.00 | 429.00 | 585.00 | OK |
Version: 1.0.2
Check: installed package size
Result: NOTE
installed size is 5.7Mb
sub-directories of 1Mb or more:
libs 3.9Mb
Flavors: r-release-macos-arm64, r-release-macos-x86_64, r-oldrel-macos-arm64, r-oldrel-macos-x86_64