Last updated on 2021-02-25 19:46:46 CET.
Flavor | Version | Tinstall | Tcheck | Ttotal | Status | Flags |
---|---|---|---|---|---|---|
r-devel-linux-x86_64-debian-clang | 5.6.0 | 73.81 | 235.92 | 309.73 | OK | |
r-devel-linux-x86_64-debian-gcc | 5.6.0 | 50.27 | 156.51 | 206.78 | OK | |
r-devel-linux-x86_64-fedora-clang | 5.6.0 | 362.66 | NOTE | |||
r-devel-linux-x86_64-fedora-gcc | 5.6.0 | 324.29 | OK | |||
r-devel-windows-ix86+x86_64 | 5.6.0 | 109.00 | 248.00 | 357.00 | NOTE | |
r-patched-linux-x86_64 | 5.6.0 | 62.07 | 192.36 | 254.43 | OK | |
r-patched-solaris-x86 | 5.6.0 | 372.60 | OK | |||
r-release-linux-x86_64 | 5.6.0 | 57.87 | 194.85 | 252.72 | OK | |
r-release-macos-x86_64 | 5.6.0 | OK | ||||
r-release-windows-ix86+x86_64 | 5.6.0 | 170.00 | 360.00 | 530.00 | NOTE | |
r-oldrel-macos-x86_64 | 5.6.0 | OK | ||||
r-oldrel-windows-ix86+x86_64 | 5.6.0 | 103.00 | 356.00 | 459.00 | OK |
Version: 5.6.0
Check: installed package size
Result: NOTE
installed size is 5.2Mb
sub-directories of 1Mb or more:
libs 2.2Mb
Flavors: r-devel-linux-x86_64-fedora-clang, r-devel-windows-ix86+x86_64, r-release-windows-ix86+x86_64