Last updated on 2021-02-28 19:48:12 CET.
Flavor | Version | Tinstall | Tcheck | Ttotal | Status | Flags |
---|---|---|---|---|---|---|
r-devel-linux-x86_64-debian-clang | 0.31 | OK | ||||
r-devel-linux-x86_64-debian-gcc | 0.31 | 48.69 | 77.18 | 125.87 | OK | |
r-devel-linux-x86_64-fedora-clang | 0.31 | 233.29 | NOTE | |||
r-devel-linux-x86_64-fedora-gcc | 0.31 | 211.41 | NOTE | |||
r-devel-windows-ix86+x86_64 | 0.31 | 103.00 | 129.00 | 232.00 | NOTE | |
r-patched-linux-x86_64 | 0.31 | 59.22 | 95.63 | 154.85 | OK | |
r-patched-solaris-x86 | 0.31 | 215.80 | NOTE | |||
r-release-linux-x86_64 | 0.31 | 63.48 | 97.75 | 161.23 | OK | |
r-release-macos-x86_64 | 0.31 | NOTE | ||||
r-release-windows-ix86+x86_64 | 0.31 | 152.00 | 166.00 | 318.00 | NOTE | |
r-oldrel-macos-x86_64 | 0.31 | NOTE | ||||
r-oldrel-windows-ix86+x86_64 | 0.31 | 102.00 | 172.00 | 274.00 | NOTE |
Version: 0.31
Check: dependencies in R code
Result: NOTE
Namespace in Imports field not imported from: 'lpSolveAPI'
All declared Imports should be used.
Flavors: r-devel-linux-x86_64-fedora-clang, r-devel-linux-x86_64-fedora-gcc, r-patched-solaris-x86, r-release-macos-x86_64, r-oldrel-macos-x86_64
Version: 0.31
Check: installed package size
Result: NOTE
installed size is 5.7Mb
sub-directories of 1Mb or more:
R 1.3Mb
libs 4.0Mb
Flavors: r-devel-windows-ix86+x86_64, r-release-macos-x86_64, r-release-windows-ix86+x86_64, r-oldrel-macos-x86_64, r-oldrel-windows-ix86+x86_64