CRAN Package Check Results for Package sdcTable

Last updated on 2022-09-30 21:49:09 CEST.

Flavor Version Tinstall Tcheck Ttotal Status Flags
r-devel-linux-x86_64-debian-clang 0.32.4 94.28 194.69 288.97 OK
r-devel-linux-x86_64-debian-gcc 0.32.4 72.42 135.37 207.79 OK
r-devel-linux-x86_64-fedora-clang 0.32.4 396.19 NOTE
r-devel-linux-x86_64-fedora-gcc 0.32.4 362.92 OK
r-devel-windows-x86_64 0.32.4 262.00 225.00 487.00 OK
r-patched-linux-x86_64 0.32.4 56.42 168.36 224.78 OK
r-release-linux-x86_64 0.32.4 56.05 170.08 226.13 OK
r-release-macos-arm64 0.32.4 79.00 NOTE
r-release-macos-x86_64 0.32.4 116.00 NOTE
r-release-windows-x86_64 0.32.4 240.00 228.00 468.00 OK
r-oldrel-macos-arm64 0.32.4 77.00 NOTE
r-oldrel-macos-x86_64 0.32.4 117.00 NOTE
r-oldrel-windows-ix86+x86_64 0.32.4 200.00 261.00 461.00 NOTE

Check Details

Version: 0.32.4
Check: Rd cross-references
Result: NOTE
    Undeclared package ‘RegSDC’ in Rd xrefs
Flavor: r-devel-linux-x86_64-fedora-clang

Version: 0.32.4
Check: installed package size
Result: NOTE
     installed size is 7.8Mb
     sub-directories of 1Mb or more:
     R 2.1Mb
     libs 5.4Mb
Flavors: r-release-macos-arm64, r-release-macos-x86_64, r-oldrel-macos-arm64, r-oldrel-macos-x86_64, r-oldrel-windows-ix86+x86_64