CRAN Package Check Results for Package searchConsoleR

Last updated on 2021-11-28 19:49:05 CET.

Flavor Version Tinstall Tcheck Ttotal Status Flags
r-devel-linux-x86_64-debian-clang 0.4.0 NOTE
r-devel-linux-x86_64-debian-gcc 0.4.0 3.17 28.92 32.09 NOTE
r-devel-linux-x86_64-fedora-clang 0.4.0 59.27 NOTE
r-devel-linux-x86_64-fedora-gcc 0.4.0 47.22 NOTE
r-devel-windows-x86_64-new-UL 0.4.0 12.00 75.00 87.00 NOTE
r-devel-windows-x86_64-new-TK 0.4.0 NOTE
r-devel-windows-x86_64-old 0.4.0 6.00 59.00 65.00 NOTE
r-patched-linux-x86_64 0.4.0 3.61 33.65 37.26 NOTE
r-patched-solaris-x86 0.4.0 71.80 NOTE
r-release-linux-x86_64 0.4.0 3.25 33.32 36.57 NOTE
r-release-macos-arm64 0.4.0 NOTE
r-release-macos-x86_64 0.4.0 NOTE
r-release-windows-ix86+x86_64 0.4.0 10.00 38.00 48.00 NOTE
r-oldrel-macos-x86_64 0.4.0 OK
r-oldrel-windows-ix86+x86_64 0.4.0 7.00 58.00 65.00 OK

Check Details

Version: 0.4.0
Check: LazyData
Result: NOTE
     'LazyData' is specified without a 'data' directory
Flavors: r-devel-linux-x86_64-debian-clang, r-devel-linux-x86_64-debian-gcc, r-devel-linux-x86_64-fedora-clang, r-devel-linux-x86_64-fedora-gcc, r-devel-windows-x86_64-new-UL, r-devel-windows-x86_64-new-TK, r-devel-windows-x86_64-old, r-patched-linux-x86_64, r-patched-solaris-x86, r-release-linux-x86_64, r-release-macos-arm64, r-release-macos-x86_64, r-release-windows-ix86+x86_64