CRAN Package Check Results for Package seas

Last updated on 2021-12-06 19:50:52 CET.

Flavor Version Tinstall Tcheck Ttotal Status Flags
r-devel-linux-x86_64-debian-clang 0.5-2 7.57 70.12 77.69 OK
r-devel-linux-x86_64-debian-gcc 0.5-2 5.81 53.16 58.97 OK
r-devel-linux-x86_64-fedora-clang 0.5-2 94.53 NOTE
r-devel-linux-x86_64-fedora-gcc 0.5-2 82.91 NOTE
r-devel-windows-x86_64-new-UL 0.5-2 20.00 112.00 132.00 OK
r-devel-windows-x86_64-new-TK 0.5-2 NOTE
r-devel-windows-x86_64-old 0.5-2 14.00 75.00 89.00 OK
r-patched-linux-x86_64 0.5-2 8.21 58.29 66.50 OK
r-release-linux-x86_64 0.5-2 6.92 66.58 73.50 OK
r-release-macos-arm64 0.5-2 NOTE
r-release-macos-x86_64 0.5-2 NOTE
r-release-windows-ix86+x86_64 0.5-2 18.00 136.00 154.00 OK
r-oldrel-macos-x86_64 0.5-2 NOTE
r-oldrel-windows-ix86+x86_64 0.5-2 28.00 138.00 166.00 OK

Check Details

Version: 0.5-2
Check: data for non-ASCII characters
Result: NOTE
     Note: found 3 marked UTF-8 strings
Flavors: r-devel-linux-x86_64-fedora-clang, r-devel-linux-x86_64-fedora-gcc, r-devel-windows-x86_64-new-TK, r-release-macos-arm64, r-release-macos-x86_64, r-oldrel-macos-x86_64