CRAN Package Check Results for Package secuTrialR

Last updated on 2021-12-08 19:51:48 CET.

Flavor Version Tinstall Tcheck Ttotal Status Flags
r-devel-linux-x86_64-debian-clang 1.0.9 9.10 120.93 130.03 NOTE
r-devel-linux-x86_64-debian-gcc 1.0.9 7.61 94.81 102.42 NOTE
r-devel-linux-x86_64-fedora-clang 1.0.9 159.79 NOTE
r-devel-linux-x86_64-fedora-gcc 1.0.9 141.07 NOTE
r-devel-windows-x86_64-new-UL 1.0.9 24.00 208.00 232.00 NOTE
r-devel-windows-x86_64-new-TK 1.0.9 NOTE
r-devel-windows-x86_64-old 1.0.9 15.00 142.00 157.00 NOTE
r-patched-linux-x86_64 1.0.9 9.82 111.88 121.70 NOTE
r-release-linux-x86_64 1.0.9 6.13 111.91 118.04 NOTE
r-release-macos-arm64 1.0.9 NOTE
r-release-macos-x86_64 1.0.9 NOTE
r-release-windows-ix86+x86_64 1.0.9 14.00 192.00 206.00 NOTE
r-oldrel-macos-x86_64 1.0.9 OK
r-oldrel-windows-ix86+x86_64 1.0.9 20.00 190.00 210.00 OK

Check Details

Version: 1.0.9
Check: LazyData
Result: NOTE
     'LazyData' is specified without a 'data' directory
Flavors: r-devel-linux-x86_64-debian-clang, r-devel-linux-x86_64-debian-gcc, r-devel-linux-x86_64-fedora-clang, r-devel-linux-x86_64-fedora-gcc, r-devel-windows-x86_64-new-UL, r-devel-windows-x86_64-new-TK, r-devel-windows-x86_64-old, r-patched-linux-x86_64, r-release-linux-x86_64, r-release-macos-arm64, r-release-macos-x86_64, r-release-windows-ix86+x86_64