CRAN Package Check Results for Package secure

Last updated on 2021-11-29 19:51:44 CET.

Flavor Version Tinstall Tcheck Ttotal Status Flags
r-devel-linux-x86_64-debian-clang 0.6 46.23 35.58 81.81 OK
r-devel-linux-x86_64-debian-gcc 0.6 29.23 28.09 57.32 OK
r-devel-linux-x86_64-fedora-clang 0.6 127.68 OK
r-devel-linux-x86_64-fedora-gcc 0.6 103.62 OK
r-devel-windows-x86_64-new-UL 0.6 57.00 97.00 154.00 OK
r-devel-windows-x86_64-new-TK 0.6 OK
r-devel-windows-x86_64-old 0.6 53.00 51.00 104.00 OK
r-patched-linux-x86_64 0.6 34.68 34.89 69.57 OK
r-patched-solaris-x86 0.6 117.10 OK
r-release-linux-x86_64 0.6 35.25 34.97 70.22 OK
r-release-macos-arm64 0.6 NOTE
r-release-macos-x86_64 0.6 OK
r-release-windows-ix86+x86_64 0.6 102.00 68.00 170.00 OK
r-oldrel-macos-x86_64 0.6 OK
r-oldrel-windows-ix86+x86_64 0.6 77.00 82.00 159.00 OK

Check Details

Version: 0.6
Check: installed package size
Result: NOTE
     installed size is 5.6Mb
     sub-directories of 1Mb or more:
     libs 4.6Mb
Flavor: r-release-macos-arm64