CRAN Package Check Results for Package seeclickfixr

Last updated on 2024-03-03 19:56:34 CET.

Flavor Version Tinstall Tcheck Ttotal Status Flags
r-devel-linux-x86_64-debian-clang 1.1.0 2.29 23.79 26.08 NOTE
r-devel-linux-x86_64-debian-gcc 1.1.0 2.12 19.02 21.14 NOTE
r-devel-linux-x86_64-fedora-clang 1.1.0 34.28 NOTE
r-devel-linux-x86_64-fedora-gcc 1.1.0 32.39 NOTE
r-devel-windows-x86_64 1.1.0 3.00 42.00 45.00 NOTE
r-patched-linux-x86_64 1.1.0 2.61 24.75 27.36 NOTE
r-release-linux-x86_64 1.1.0 2.60 24.18 26.78 NOTE
r-release-macos-arm64 1.1.0 16.00 NOTE
r-release-macos-x86_64 1.1.0 23.00 NOTE
r-release-windows-x86_64 1.1.0 3.00 42.00 45.00 NOTE
r-oldrel-macos-arm64 1.1.0 18.00 NOTE
r-oldrel-windows-x86_64 1.1.0 4.00 44.00 48.00 NOTE

Check Details

Version: 1.1.0
Check: LazyData
Result: NOTE 'LazyData' is specified without a 'data' directory Flavors: r-devel-linux-x86_64-debian-clang, r-devel-linux-x86_64-debian-gcc, r-devel-linux-x86_64-fedora-clang, r-devel-linux-x86_64-fedora-gcc, r-devel-windows-x86_64, r-patched-linux-x86_64, r-release-linux-x86_64, r-release-macos-arm64, r-release-macos-x86_64, r-release-windows-x86_64, r-oldrel-macos-arm64, r-oldrel-windows-x86_64