CRAN Package Check Results for Package segmag

Last updated on 2021-11-29 19:51:44 CET.

Flavor Version Tinstall Tcheck Ttotal Status Flags
r-devel-linux-x86_64-debian-clang 1.2.4 25.51 29.77 55.28 OK
r-devel-linux-x86_64-debian-gcc 1.2.4 15.59 23.66 39.25 OK
r-devel-linux-x86_64-fedora-clang 1.2.4 87.70 NOTE
r-devel-linux-x86_64-fedora-gcc 1.2.4 67.09 NOTE
r-devel-windows-x86_64-new-UL 1.2.4 34.00 88.00 122.00 OK
r-devel-windows-x86_64-new-TK 1.2.4 OK
r-devel-windows-x86_64-old 1.2.4 31.00 43.00 74.00 OK
r-patched-linux-x86_64 1.2.4 20.85 28.76 49.61 OK
r-patched-solaris-x86 1.2.4 83.70 OK
r-release-linux-x86_64 1.2.4 18.91 28.98 47.89 OK
r-release-macos-arm64 1.2.4 OK
r-release-macos-x86_64 1.2.4 OK
r-release-windows-ix86+x86_64 1.2.4 57.00 54.00 111.00 OK
r-oldrel-macos-x86_64 1.2.4 OK
r-oldrel-windows-ix86+x86_64 1.2.4 43.00 70.00 113.00 OK

Check Details

Version: 1.2.4
Check: compiled code
Result: NOTE
    File ‘segmag/libs/segmag.so’:
     Found no calls to: ‘R_registerRoutines’, ‘R_useDynamicSymbols’
    
    It is good practice to register native routines and to disable symbol
    search.
    
    See ‘Writing portable packages’ in the ‘Writing R Extensions’ manual.
Flavors: r-devel-linux-x86_64-fedora-clang, r-devel-linux-x86_64-fedora-gcc