Last updated on 2025-04-30 21:52:59 CEST.
Flavor | Version | Tinstall | Tcheck | Ttotal | Status | Flags |
---|---|---|---|---|---|---|
r-devel-linux-x86_64-debian-clang | 1.2.5 | 37.49 | 101.43 | 138.92 | NOTE | |
r-devel-linux-x86_64-debian-gcc | 1.2.5 | 24.10 | 67.94 | 92.04 | NOTE | |
r-devel-linux-x86_64-fedora-clang | 1.2.5 | 232.10 | OK | |||
r-devel-linux-x86_64-fedora-gcc | 1.2.5 | 216.80 | OK | |||
r-devel-windows-x86_64 | 1.2.5 | 43.00 | 137.00 | 180.00 | OK | |
r-patched-linux-x86_64 | 1.2.5 | 37.17 | 96.81 | 133.98 | OK | |
r-release-linux-x86_64 | 1.2.5 | 35.16 | 99.17 | 134.33 | OK | |
r-release-macos-arm64 | 1.2.5 | 68.00 | OK | |||
r-release-macos-x86_64 | 1.2.5 | 131.00 | OK | |||
r-release-windows-x86_64 | 1.2.5 | 44.00 | 141.00 | 185.00 | OK | |
r-oldrel-macos-arm64 | 1.2.5 | 57.00 | OK | |||
r-oldrel-macos-x86_64 | 1.2.5 | 75.00 | OK | |||
r-oldrel-windows-x86_64 | 1.2.5 | 49.00 | 161.00 | 210.00 | OK |
Version: 1.2.5
Check: CRAN incoming feasibility
Result: NOTE
Maintainer: ‘Rob Tibshirani <tibs@stanford.edu>’
No Authors@R field in DESCRIPTION.
Please add one, modifying
Authors@R: c(person(given = "Ryan",
family = "Tibshirani",
role = "aut"),
person(given = "Rob",
family = "Tibshirani",
role = c("aut", "cre"),
email = "tibs@stanford.edu"),
person(given = "Jonathan",
family = "Taylor",
role = "aut"),
person(given = "Joshua",
family = "Loftus",
role = "aut"),
person(given = "Stephen",
family = "Reid",
role = "aut"),
person(given = "Jelena",
family = "Markovic",
role = "aut"))
as necessary.
Flavors: r-devel-linux-x86_64-debian-clang, r-devel-linux-x86_64-debian-gcc
Version: 1.2.5
Check: examples
Result: NOTE
Examples with CPU (user + system) or elapsed time > 5s
user system elapsed
randomizedLassoInf 8.871 0.023 10.096
Flavor: r-devel-linux-x86_64-debian-clang
Version: 1.2.5
Check: examples
Result: NA
user system elapsed
randomizedLassoInf 4.193 0 5.193
OK
Flavor: r-devel-linux-x86_64-debian-gcc