CRAN Package Check Results for Package semTable

Last updated on 2022-01-23 19:48:42 CET.

Flavor Version Tinstall Tcheck Ttotal Status Flags
r-devel-linux-x86_64-debian-clang 1.8 5.79 110.50 116.29 NOTE
r-devel-linux-x86_64-debian-gcc 1.8 4.84 92.80 97.64 NOTE
r-devel-linux-x86_64-fedora-clang 1.8 174.45 NOTE
r-devel-linux-x86_64-fedora-gcc 1.8 160.24 NOTE
r-devel-windows-x86_64-new-UL 1.8 39.00 157.00 196.00 NOTE
r-devel-windows-x86_64-new-TK 1.8 NOTE
r-patched-linux-x86_64 1.8 5.71 107.94 113.65 NOTE
r-release-linux-x86_64 1.8 5.28 106.65 111.93 NOTE
r-release-macos-arm64 1.8 NOTE
r-release-macos-x86_64 1.8 NOTE
r-release-windows-ix86+x86_64 1.8 14.00 139.00 153.00 NOTE
r-oldrel-macos-x86_64 1.8 OK
r-oldrel-windows-ix86+x86_64 1.8 14.00 134.00 148.00 OK

Check Details

Version: 1.8
Check: LazyData
Result: NOTE
     'LazyData' is specified without a 'data' directory
Flavors: r-devel-linux-x86_64-debian-clang, r-devel-linux-x86_64-debian-gcc, r-devel-linux-x86_64-fedora-clang, r-devel-linux-x86_64-fedora-gcc, r-devel-windows-x86_64-new-UL, r-devel-windows-x86_64-new-TK, r-patched-linux-x86_64, r-release-linux-x86_64, r-release-macos-arm64, r-release-macos-x86_64, r-release-windows-ix86+x86_64

Version: 1.8
Check: package dependencies
Result: NOTE
    Package suggested but not available for checking: 'rockchalk'
Flavor: r-devel-windows-x86_64-new-TK