CRAN Package Check Results for Package seminr

Last updated on 2022-01-18 19:51:23 CET.

Flavor Version Tinstall Tcheck Ttotal Status Flags
r-devel-linux-x86_64-debian-clang 2.3.0 8.68 152.05 160.73 OK
r-devel-linux-x86_64-debian-gcc 2.3.0 6.58 111.75 118.33 OK
r-devel-linux-x86_64-fedora-clang 2.3.0 201.15 NOTE
r-devel-linux-x86_64-fedora-gcc 2.3.0 204.23 NOTE
r-devel-windows-x86_64-new-UL 2.3.0 181.00 385.00 566.00 OK
r-devel-windows-x86_64-new-TK 2.3.0 NOTE
r-patched-linux-x86_64 2.3.0 8.72 145.08 153.80 OK
r-release-linux-x86_64 2.3.0 OK
r-release-macos-arm64 2.3.0 NOTE
r-release-macos-x86_64 2.3.0 NOTE
r-release-windows-ix86+x86_64 2.3.0 16.00 413.00 429.00 OK
r-oldrel-macos-x86_64 2.2.1 NOTE
r-oldrel-windows-ix86+x86_64 2.3.0 16.00 425.00 441.00 OK

Check Details

Version: 2.3.0
Check: dependencies in R code
Result: NOTE
    Namespaces in Imports field not imported from:
     ‘knitr’ ‘rmarkdown’ ‘webp’
     All declared Imports should be used.
Flavors: r-devel-linux-x86_64-fedora-clang, r-devel-linux-x86_64-fedora-gcc, r-devel-windows-x86_64-new-TK, r-release-macos-arm64, r-release-macos-x86_64

Version: 2.3.0
Check: package dependencies
Result: NOTE
    Package which this enhances but not available for checking: 'semPlot'
Flavor: r-devel-windows-x86_64-new-TK

Version: 2.2.1
Check: dependencies in R code
Result: NOTE
    Namespaces in Imports field not imported from:
     ‘knitr’ ‘rmarkdown’ ‘webp’
     All declared Imports should be used.
Flavor: r-oldrel-macos-x86_64