CRAN Package Check Results for Package sense

Last updated on 2022-01-17 19:49:49 CET.

Flavor Version Tinstall Tcheck Ttotal Status Flags
r-devel-linux-x86_64-debian-clang 1.0.0 9.46 82.61 92.07 OK
r-devel-linux-x86_64-debian-gcc 1.0.0 5.98 63.17 69.15 OK
r-devel-linux-x86_64-fedora-clang 1.0.0 111.53 OK
r-devel-linux-x86_64-fedora-gcc 1.0.0 95.31 OK
r-devel-windows-x86_64-new-UL 1.0.0 21.00 100.00 121.00 OK
r-devel-windows-x86_64-new-TK 1.0.0 NOTE
r-patched-linux-x86_64 1.0.0 7.40 79.03 86.43 OK
r-release-linux-x86_64 1.0.0 OK
r-release-macos-arm64 1.0.0 OK
r-release-macos-x86_64 1.0.0 OK
r-release-windows-ix86+x86_64 1.0.0 22.00 96.00 118.00 OK

Check Details

Version: 1.0.0
Check: package dependencies
Result: NOTE
    Packages suggested but not available for checking: 'lme4', 'nloptr'
Flavor: r-devel-windows-x86_64-new-TK