CRAN Package Check Results for Package sentiment.ai

Last updated on 2024-04-19 21:56:41 CEST.

Flavor Version Tinstall Tcheck Ttotal Status Flags
r-devel-linux-x86_64-debian-clang 0.1.1 9.41 94.75 104.16 OK
r-devel-linux-x86_64-debian-gcc 0.1.1 OK
r-devel-linux-x86_64-fedora-clang 0.1.1 138.61 NOTE
r-devel-linux-x86_64-fedora-gcc 0.1.1 138.81 NOTE
r-prerel-macos-arm64 0.1.1 43.00 OK
r-prerel-windows-x86_64 0.1.1 9.00 88.00 97.00 OK
r-patched-linux-x86_64 0.1.1 9.79 86.78 96.57 OK
r-release-linux-x86_64 0.1.1 8.73 87.27 96.00 OK
r-release-macos-arm64 0.1.1 47.00 OK
r-release-macos-x86_64 0.1.1 79.00 OK
r-release-windows-x86_64 0.1.1 16.00 107.00 123.00 OK
r-oldrel-macos-arm64 0.1.1 42.00 NOTE
r-oldrel-windows-x86_64 0.1.1 14.00 110.00 124.00 OK

Check Details

Version: 0.1.1
Check: data for non-ASCII characters
Result: NOTE Note: found 836 marked UTF-8 strings Flavors: r-devel-linux-x86_64-fedora-clang, r-devel-linux-x86_64-fedora-gcc, r-oldrel-macos-arm64