Last updated on 2023-10-03 21:03:33 CEST.
Flavor | Version | Tinstall | Tcheck | Ttotal | Status | Flags |
---|---|---|---|---|---|---|
r-devel-linux-x86_64-debian-clang | 1.0-14 | 251.07 | 411.30 | 662.37 | OK | |
r-devel-linux-x86_64-debian-gcc | 1.0-14 | 165.71 | 301.31 | 467.02 | OK | |
r-devel-linux-x86_64-fedora-clang | 1.0-14 | 848.77 | NOTE | |||
r-devel-linux-x86_64-fedora-gcc | 1.0-14 | 848.96 | OK | |||
r-devel-windows-x86_64 | 1.0-14 | 194.00 | 780.00 | 974.00 | NOTE | |
r-patched-linux-x86_64 | 1.0-14 | 224.96 | 391.73 | 616.69 | OK | |
r-release-linux-x86_64 | 1.0-14 | 222.58 | 396.75 | 619.33 | OK | |
r-release-macos-arm64 | 1.0-14 | 230.00 | NOTE | |||
r-release-macos-x86_64 | 1.0-14 | 386.00 | NOTE | |||
r-release-windows-x86_64 | 1.0-14 | 249.00 | 1015.00 | 1264.00 | NOTE | |
r-oldrel-macos-arm64 | 1.0-14 | 204.00 | NOTE | |||
r-oldrel-macos-x86_64 | 1.0-14 | 323.00 | NOTE | |||
r-oldrel-windows-x86_64 | 1.0-14 | 268.00 | 900.00 | 1168.00 | NOTE |
Version: 1.0-14
Check: installed package size
Result: NOTE
installed size is 7.6Mb
sub-directories of 1Mb or more:
doc 1.7Mb
libs 1.1Mb
sqlite 1.5Mb
Flavors: r-devel-linux-x86_64-fedora-clang, r-devel-windows-x86_64, r-release-macos-arm64, r-release-macos-x86_64, r-release-windows-x86_64, r-oldrel-macos-arm64, r-oldrel-macos-x86_64, r-oldrel-windows-x86_64