CRAN Package Check Results for Package sfaR

Last updated on 2024-02-23 19:48:59 CET.

Flavor Version Tinstall Tcheck Ttotal Status Flags
r-devel-linux-x86_64-debian-clang 1.0.0 OK
r-devel-linux-x86_64-debian-gcc 1.0.0 95.80 239.26 335.06 OK
r-devel-linux-x86_64-fedora-clang 1.0.0 602.74 OK
r-devel-linux-x86_64-fedora-gcc 1.0.0 575.10 OK
r-devel-windows-x86_64 1.0.0 90.00 217.00 307.00 OK
r-patched-linux-x86_64 1.0.0 126.20 331.67 457.87 OK
r-release-linux-x86_64 1.0.0 102.68 319.83 422.51 OK
r-release-macos-arm64 1.0.0 112.00 OK
r-release-macos-x86_64 1.0.0 312.00 OK
r-release-windows-x86_64 1.0.0 123.00 286.00 409.00 OK
r-oldrel-macos-arm64 1.0.0 109.00 ERROR
r-oldrel-windows-x86_64 1.0.0 131.00 265.00 396.00 OK

Check Details

Version: 1.0.0
Check: PDF version of manual
Result: WARN LaTeX errors when creating PDF version. This typically indicates Rd problems. LaTeX errors found: ! Missing \endgroup inserted. <inserted text> \endgroup l.506 ...ac{S\rho}{\sigma_v} \\ 1 \end{pmatrix}}{} , ! Missing } inserted. <inserted text> } l.506 ...ac{S\rho}{\sigma_v} \\ 1 \end{pmatrix}}{} , ! Missing } inserted. <inserted text> } l.506 ...ac{S\rho}{\sigma_v} \\ 1 \end{pmatrix}}{} , ! Missing \cr inserted. <inserted text> \cr l.506 ...ac{S\rho}{\sigma_v} \\ 1 \end{pmatrix}}{} , ! Misplaced \cr. <inserted text> \cr l.506 ...ac{S\rho}{\sigma_v} \\ 1 \end{pmatrix}}{} , ! Missing \cr inserted. <inserted text> \cr l.506 ...ac{S\rho}{\sigma_v} \\ 1 \end{pmatrix}}{} , ! Misplaced \cr. <inserted text> \cr l.506 ...ac{S\rho}{\sigma_v} \\ 1 \end{pmatrix}}{} , ! Missing \cr inserted. <inserted text> \cr l.506 ...ac{S\rho}{\sigma_v} \\ 1 \end{pmatrix}}{} , ! Misplaced \cr. <inserted text> \cr l.506 ...ac{S\rho}{\sigma_v} \\ 1 \end{pmatrix}}{} , ! Missing \cr inserted. <inserted text> \cr l.506 ...ac{S\rho}{\sigma_v} \\ 1 \end{pmatrix}}{} , ! Misplaced \cr. <inserted text> \cr l.506 ...ac{S\rho}{\sigma_v} \\ 1 \end{pmatrix}}{} , ! Missing \cr inserted. <inserted text> \cr l.506 ...ac{S\rho}{\sigma_v} \\ 1 \end{pmatrix}}{} , ! Misplaced \cr. <inserted text> \cr l.506 ...ac{S\rho}{\sigma_v} \\ 1 \end{pmatrix}}{} , ! Missing \cr inserted. <inserted text> \cr l.506 ...ac{S\rho}{\sigma_v} \\ 1 \end{pmatrix}}{} , ! Misplaced \cr. <inserted text> \cr l.506 ...ac{S\rho}{\sigma_v} \\ 1 \end{pmatrix}}{} , ! Missing \cr inserted. <inserted text> \cr l.506 ...ac{S\rho}{\sigma_v} \\ 1 \end{pmatrix}}{} , ! Misplaced \cr. <inserted text> \cr l.506 ...ac{S\rho}{\sigma_v} \\ 1 \end{pmatrix}}{} , ! Missing \cr inserted. <inserted text> \cr l.506 ...ac{S\rho}{\sigma_v} \\ 1 \end{pmatrix}}{} , ! Misplaced \cr. <inserted text> \cr l.506 ...ac{S\rho}{\sigma_v} \\ 1 \end{pmatrix}}{} , ! Missing \cr inserted. <inserted text> \cr l.506 ...ac{S\rho}{\sigma_v} \\ 1 \end{pmatrix}}{} , ! Misplaced \cr. <inserted text> \cr l.506 ...ac{S\rho}{\sigma_v} \\ 1 \end{pmatrix}}{} , ! Missing \cr inserted. <inserted text> \cr l.506 ...ac{S\rho}{\sigma_v} \\ 1 \end{pmatrix}}{} , ! Misplaced \cr. <inserted text> \cr l.506 ...ac{S\rho}{\sigma_v} \\ 1 \end{pmatrix}}{} , ! Missing \cr inserted. <inserted text> \cr l.506 ...ac{S\rho}{\sigma_v} \\ 1 \end{pmatrix}}{} , ! Misplaced \cr. <inserted text> \cr l.506 ...ac{S\rho}{\sigma_v} \\ 1 \end{pmatrix}}{} , ! Missing \cr inserted. <inserted text> \cr l.506 ...ac{S\rho}{\sigma_v} \\ 1 \end{pmatrix}}{} , ! Misplaced \cr. <inserted text> \cr l.506 ...ac{S\rho}{\sigma_v} \\ 1 \end{pmatrix}}{} , ! Missing \cr inserted. <inserted text> \cr l.506 ...ac{S\rho}{\sigma_v} \\ 1 \end{pmatrix}}{} , ! Misplaced \cr. <inserted text> \cr l.506 ...ac{S\rho}{\sigma_v} \\ 1 \end{pmatrix}}{} , ! Missing \cr inserted. <inserted text> \cr l.506 ...ac{S\rho}{\sigma_v} \\ 1 \end{pmatrix}}{} , ! Misplaced \cr. <inserted text> \cr l.506 ...ac{S\rho}{\sigma_v} \\ 1 \end{pmatrix}}{} , ! Missing \cr inserted. <inserted text> \cr l.506 ...ac{S\rho}{\sigma_v} \\ 1 \end{pmatrix}}{} , ! Misplaced \cr. <inserted text> \cr l.506 ...ac{S\rho}{\sigma_v} \\ 1 \end{pmatrix}}{} , ! Missing \cr inserted. <inserted text> \cr l.506 ...ac{S\rho}{\sigma_v} \\ 1 \end{pmatrix}}{} , ! Misplaced \cr. <inserted text> \cr l.506 ...ac{S\rho}{\sigma_v} \\ 1 \end{pmatrix}}{} , ! Missing \cr inserted. <inserted text> \cr l.506 ...ac{S\rho}{\sigma_v} \\ 1 \end{pmatrix}}{} , ! Misplaced \cr. <inserted text> \cr l.506 ...ac{S\rho}{\sigma_v} \\ 1 \end{pmatrix}}{} , ! Missing \cr inserted. <inserted text> \cr l.506 ...ac{S\rho}{\sigma_v} \\ 1 \end{pmatrix}}{} , ! Misplaced \cr. <inserted text> \cr l.506 ...ac{S\rho}{\sigma_v} \\ 1 \end{pmatrix}}{} , ! Missing \cr inserted. <inserted text> \cr l.506 ...ac{S\rho}{\sigma_v} \\ 1 \end{pmatrix}}{} , ! Misplaced \cr. <inserted text> \cr l.506 ...ac{S\rho}{\sigma_v} \\ 1 \end{pmatrix}}{} , ! Missing \cr inserted. <inserted text> \cr l.506 ...ac{S\rho}{\sigma_v} \\ 1 \end{pmatrix}}{} , ! Misplaced \cr. <inserted text> \cr l.506 ...ac{S\rho}{\sigma_v} \\ 1 \end{pmatrix}}{} , ! Missing \cr inserted. <inserted text> \cr l.506 ...ac{S\rho}{\sigma_v} \\ 1 \end{pmatrix}}{} , ! Misplaced \cr. <inserted text> \cr l.506 ...ac{S\rho}{\sigma_v} \\ 1 \end{pmatrix}}{} , ! Missing \cr inserted. <inserted text> \cr l.506 ...ac{S\rho}{\sigma_v} \\ 1 \end{pmatrix}}{} , ! Misplaced \cr. <inserted text> \cr l.506 ...ac{S\rho}{\sigma_v} \\ 1 \end{pmatrix}}{} , ! Missing \cr inserted. <inserted text> \cr l.506 ...ac{S\rho}{\sigma_v} \\ 1 \end{pmatrix}}{} , ! Misplaced \cr. <inserted text> \cr l.506 ...ac{S\rho}{\sigma_v} \\ 1 \end{pmatrix}}{} , ! Missing \cr inserted. <inserted text> \cr l.506 ...ac{S\rho}{\sigma_v} \\ 1 \end{pmatrix}}{} , ! Misplaced \cr. <inserted text> \cr l.506 ...ac{S\rho}{\sigma_v} \\ 1 \end{pmatrix}}{} , ! Missing \cr inserted. <inserted text> \cr l.506 ...ac{S\rho}{\sigma_v} \\ 1 \end{pmatrix}}{} , ! Misplaced \cr. <inserted text> \cr l.506 ...ac{S\rho}{\sigma_v} \\ 1 \end{pmatrix}}{} , ! Missing \cr inserted. <inserted text> \cr l.506 ...ac{S\rho}{\sigma_v} \\ 1 \end{pmatrix}}{} , ! Misplaced \cr. <inserted text> \cr l.506 ...ac{S\rho}{\sigma_v} \\ 1 \end{pmatrix}}{} , ! Missing \cr inserted. <inserted text> \cr l.506 ...ac{S\rho}{\sigma_v} \\ 1 \end{pmatrix}}{} , ! Misplaced \cr. <inserted text> \cr l.506 ...ac{S\rho}{\sigma_v} \\ 1 \end{pmatrix}}{} , ! Missing \cr inserted. <inserted text> \cr l.506 ...ac{S\rho}{\sigma_v} \\ 1 \end{pmatrix}}{} , ! Misplaced \cr. <inserted text> \cr l.506 ...ac{S\rho}{\sigma_v} \\ 1 \end{pmatrix}}{} , ! Missing \cr inserted. <inserted text> \cr l.506 ...ac{S\rho}{\sigma_v} \\ 1 \end{pmatrix}}{} , ! Misplaced \cr. <inserted text> \cr l.506 ...ac{S\rho}{\sigma_v} \\ 1 \end{pmatrix}}{} , ! Missing \cr inserted. <inserted text> \cr l.506 ...ac{S\rho}{\sigma_v} \\ 1 \end{pmatrix}}{} , ! Misplaced \cr. <inserted text> \cr l.506 ...ac{S\rho}{\sigma_v} \\ 1 \end{pmatrix}}{} , ! Missing \cr inserted. <inserted text> \cr l.506 ...ac{S\rho}{\sigma_v} \\ 1 \end{pmatrix}}{} , ! Misplaced \cr. <inserted text> \cr l.506 ...ac{S\rho}{\sigma_v} \\ 1 \end{pmatrix}}{} , ! Missing \cr inserted. <inserted text> \cr l.506 ...ac{S\rho}{\sigma_v} \\ 1 \end{pmatrix}}{} , ! Misplaced \cr. <inserted text> \cr l.506 ...ac{S\rho}{\sigma_v} \\ 1 \end{pmatrix}}{} , ! Missing \cr inserted. <inserted text> \cr l.506 ...ac{S\rho}{\sigma_v} \\ 1 \end{pmatrix}}{} , ! Misplaced \cr. <inserted text> \cr l.506 ...ac{S\rho}{\sigma_v} \\ 1 \end{pmatrix}}{} , ! Missing \cr inserted. <inserted text> \cr l.506 ...ac{S\rho}{\sigma_v} \\ 1 \end{pmatrix}}{} , ! Misplaced \cr. <inserted text> \cr l.506 ...ac{S\rho}{\sigma_v} \\ 1 \end{pmatrix}}{} , ! Missing \cr inserted. <inserted text> \cr l.506 ...ac{S\rho}{\sigma_v} \\ 1 \end{pmatrix}}{} , ! Misplaced \cr. <inserted text> \cr l.506 ...ac{S\rho}{\sigma_v} \\ 1 \end{pmatrix}}{} , ! Missing \cr inserted. <inserted text> \cr l.506 ...ac{S\rho}{\sigma_v} \\ 1 \end{pmatrix}}{} , ! Misplaced \cr. <inserted text> \cr l.506 ...ac{S\rho}{\sigma_v} \\ 1 \end{pmatrix}}{} , ! Missing \cr inserted. <inserted text> \cr l.506 ...ac{S\rho}{\sigma_v} \\ 1 \end{pmatrix}}{} , ! Misplaced \cr. <inserted text> \cr l.506 ...ac{S\rho}{\sigma_v} \\ 1 \end{pmatrix}}{} , ! Missing \cr inserted. <inserted text> \cr l.506 ...ac{S\rho}{\sigma_v} \\ 1 \end{pmatrix}}{} , ! Misplaced \cr. <inserted text> \cr l.506 ...ac{S\rho}{\sigma_v} \\ 1 \end{pmatrix}}{} , ! Missing \cr inserted. <inserted text> \cr l.506 ...ac{S\rho}{\sigma_v} \\ 1 \end{pmatrix}}{} , ! Misplaced \cr. <inserted text> \cr l.506 ...ac{S\rho}{\sigma_v} \\ 1 \end{pmatrix}}{} , ! Missing \cr inserted. <inserted text> \cr l.506 ...ac{S\rho}{\sigma_v} \\ 1 \end{pmatrix}}{} , ! Misplaced \cr. <inserted text> \cr l.506 ...ac{S\rho}{\sigma_v} \\ 1 \end{pmatrix}}{} , ! Missing \cr inserted. <inserted text> \cr l.506 ...ac{S\rho}{\sigma_v} \\ 1 \end{pmatrix}}{} , ! Misplaced \cr. <inserted text> \cr l.506 ...ac{S\rho}{\sigma_v} \\ 1 \end{pmatrix}}{} , ! Missing \cr inserted. <inserted text> \cr l.506 ...ac{S\rho}{\sigma_v} \\ 1 \end{pmatrix}}{} , ! Misplaced \cr. <inserted text> \cr l.506 ...ac{S\rho}{\sigma_v} \\ 1 \end{pmatrix}}{} , ! Missing \cr inserted. <inserted text> \cr l.506 ...ac{S\rho}{\sigma_v} \\ 1 \end{pmatrix}}{} , ! Misplaced \cr. <inserted text> \cr l.506 ...ac{S\rho}{\sigma_v} \\ 1 \end{pmatrix}}{} , ! Missing \cr inserted. <inserted text> \cr l.506 ...ac{S\rho}{\sigma_v} \\ 1 \end{pmatrix}}{} , ! Misplaced \cr. <inserted text> \cr l.506 ...ac{S\rho}{\sigma_v} \\ 1 \end{pmatrix}}{} , ! Missing \cr inserted. <inserted text> \cr l.506 ...ac{S\rho}{\sigma_v} \\ 1 \end{pmatrix}}{} , ! Misplaced \cr. <inserted text> \cr l.506 ...ac{S\rho}{\sigma_v} \\ 1 \end{pmatrix}}{} , ! Missing \cr inserted. <inserted text> \cr l.506 ...ac{S\rho}{\sigma_v} \\ 1 \end{pmatrix}}{} , ! Misplaced \cr. <inserted text> \cr l.506 ...ac{S\rho}{\sigma_v} \\ 1 \end{pmatrix}}{} , ! Missing \cr inserted. <inserted text> \cr l.506 ...ac{S\rho}{\sigma_v} \\ 1 \end{pmatrix}}{} , ! Misplaced \cr. <inserted text> \cr l.506 ...ac{S\rho}{\sigma_v} \\ 1 \end{pmatrix}}{} , ! Missing \cr inserted. <inserted text> \cr l.506 ...ac{S\rho}{\sigma_v} \\ 1 \end{pmatrix}}{} , ! Misplaced \cr. <inserted text> \cr l.506 ...ac{S\rho}{\sigma_v} \\ 1 \end{pmatrix}}{} , ! Missing \cr inserted. <inserted text> \cr l.506 ...ac{S\rho}{\sigma_v} \\ 1 \end{pmatrix}}{} , ! ==> Fatal error occurred, no output PDF file produced! Flavor: r-oldrel-macos-arm64

Version: 1.0.0
Check: PDF version of manual without index
Result: ERROR
Flavor: r-oldrel-macos-arm64