CRAN Package Check Results for Package sfarrow

Last updated on 2021-11-30 19:51:36 CET.

Flavor Version Tinstall Tcheck Ttotal Status Flags
r-devel-linux-x86_64-debian-clang 0.4.1 2.51 32.03 34.54 OK
r-devel-linux-x86_64-debian-gcc 0.4.1 1.80 25.02 26.82 OK
r-devel-linux-x86_64-fedora-clang 0.4.1 53.20 OK
r-devel-linux-x86_64-fedora-gcc 0.4.1 43.22 OK
r-devel-windows-x86_64-new-UL 0.4.1 8.00 75.00 83.00 OK
r-devel-windows-x86_64-new-TK 0.4.1 OK
r-devel-windows-x86_64-old 0.4.1 6.00 41.00 47.00 OK
r-patched-linux-x86_64 0.4.1 2.45 30.24 32.69 OK
r-patched-solaris-x86 0.4.1 52.40 ERROR
r-release-linux-x86_64 0.4.1 2.23 30.48 32.71 OK
r-release-macos-arm64 0.4.1 OK
r-release-macos-x86_64 0.4.1 OK
r-release-windows-ix86+x86_64 0.4.1 6.00 49.00 55.00 OK
r-oldrel-macos-x86_64 0.4.1 OK
r-oldrel-windows-ix86+x86_64 0.4.1 4.00 39.00 43.00 OK

Check Details

Version: 0.4.1
Check: examples
Result: ERROR
    Running examples in ‘sfarrow-Ex.R’ failed
    The error most likely occurred in:
    
    > ### Name: read_sf_dataset
    > ### Title: Read an Arrow multi-file dataset and create 'sf' object
    > ### Aliases: read_sf_dataset
    >
    > ### ** Examples
    >
    > # read spatial object
    > nc <- sf::st_read(system.file("shape/nc.shp", package="sf"), quiet = TRUE)
    >
    > # create random grouping
    > nc$group <- sample(1:3, nrow(nc), replace = TRUE)
    >
    > # use dplyr to group the dataset. %>% also allowed
    > nc_g <- dplyr::group_by(nc, group)
    >
    > # write out to parquet datasets
    > tf <- tempfile() # create temporary location
    > on.exit(unlink(tf))
    > # partitioning determined by dplyr 'group_vars'
    > write_sf_dataset(nc_g, path = tf)
    Warning: This is an initial implementation of Parquet/Feather file support and
    geo metadata. This is tracking version 0.1.0 of the metadata
    (https://github.com/geopandas/geo-arrow-spec). This metadata
    specification may change and does not yet make stability promises. We
    do not yet recommend using this in a production setting unless you are
    able to rewrite your Parquet/Feather files.
    Error in all_record_batches(dots) :
     Cannot call all_record_batches(). See https://arrow.apache.org/docs/r/articles/install.html for help installing Arrow C++ libraries.
    Calls: write_sf_dataset -> <Anonymous> -> all_record_batches
    Execution halted
Flavor: r-patched-solaris-x86